{"id":118,"date":"2016-10-21T12:04:55","date_gmt":"2016-10-21T12:04:55","guid":{"rendered":"https:\/\/hilfe.telekom-cloudcenter.de\/?page_id=118"},"modified":"2016-10-21T12:17:26","modified_gmt":"2016-10-21T12:17:26","slug":"domainverfugbarkeit-prufen","status":"publish","type":"page","link":"https:\/\/hilfe.telekom-cloudcenter.de\/index.php\/domainverwaltung\/domain-beauftragen\/domainverfugbarkeit-prufen\/","title":{"rendered":"Domainverf\u00fcgbarkeit pr\u00fcfen"},"content":{"rendered":"<p>\u00dcber die Verf\u00fcgbarkeitsabfrage k\u00f6nnen Sie nach Eingabe des gew\u00fcnschten Domainnamens und der gew\u00fcnschten Topleveldomain(s) (TLDs) zun\u00e4chst die Verf\u00fcgbarkeit der Domain \u00fcberpr\u00fcfen. Bitte geben Sie den Domainnamen ohne vorangestelltes &#8220;http:\/\/www.&#8221; ein.<\/p>\n<p>W\u00e4hlen Sie anschlie\u00dfend die Schaltfl\u00e4che &#8220;Weiter&#8221;, um sich die <a href=\"https:\/\/hilfe.telekom-cloudcenter.de\/index.php\/domainverwaltung\/domain-beauftragen\/verfugbare-domain-auswahlen\/\">Ergebnisse der Domainverf\u00fcgbarkeit<\/a> anzeigen zu lassen. Ist der gew\u00fcnschte Domainname verf\u00fcgbar, k\u00f6nnen Sie die Domain durch Wahl der Schaltfl\u00e4che &#8220;beauftragen&#8221; registrieren. Ist der gew\u00fcnschte Domainname nicht verf\u00fcgbar, k\u00f6nnen Sie \u2013 sofern Sie der Domaininhaber sind \u2013 die betreffende Domain \u00fcbertragen (KK-Auftrag bzw. Transferauftrag). Weiterhin werden Ihnen Alternativvorschl\u00e4ge angezeigt, sofern der gew\u00fcnschte Domainname unterhalb einer anderen Topleveldomain verf\u00fcgbar ist.<\/p>\n","protected":false},"excerpt":{"rendered":"<p>\u00dcber die Verf\u00fcgbarkeitsabfrage k\u00f6nnen Sie nach Eingabe des gew\u00fcnschten Domainnamens und der gew\u00fcnschten Topleveldomain(s) (TLDs) zun\u00e4chst die Verf\u00fcgbarkeit der Domain \u00fcberpr\u00fcfen. Bitte geben Sie den Domainnamen ohne vorangestelltes &#8220;http:\/\/www.&#8221; ein. W\u00e4hlen Sie anschlie\u00dfend die Schaltfl\u00e4che &#8220;Weiter&#8221;, um sich die Ergebnisse der Domainverf\u00fcgbarkeit anzeigen zu lassen. Ist der gew\u00fcnschte Domainname verf\u00fcgbar, k\u00f6nnen Sie die Domain durch&#8230; <a href=\"https:\/\/hilfe.telekom-cloudcenter.de\/index.php\/domainverwaltung\/domain-beauftragen\/domainverfugbarkeit-prufen\/\">read more &raquo;<\/a><\/p>\n","protected":false},"author":1,"featured_media":0,"parent":95,"menu_order":0,"comment_status":"closed","ping_status":"closed","template":"","meta":{"footnotes":""},"_links":{"self":[{"href":"https:\/\/hilfe.telekom-cloudcenter.de\/index.php\/wp-json\/wp\/v2\/pages\/118"}],"collection":[{"href":"https:\/\/hilfe.telekom-cloudcenter.de\/index.php\/wp-json\/wp\/v2\/pages"}],"about":[{"href":"https:\/\/hilfe.telekom-cloudcenter.de\/index.php\/wp-json\/wp\/v2\/types\/page"}],"author":[{"embeddable":true,"href":"https:\/\/hilfe.telekom-cloudcenter.de\/index.php\/wp-json\/wp\/v2\/users\/1"}],"replies":[{"embeddable":true,"href":"https:\/\/hilfe.telekom-cloudcenter.de\/index.php\/wp-json\/wp\/v2\/comments?post=118"}],"version-history":[{"count":3,"href":"https:\/\/hilfe.telekom-cloudcenter.de\/index.php\/wp-json\/wp\/v2\/pages\/118\/revisions"}],"predecessor-version":[{"id":128,"href":"https:\/\/hilfe.telekom-cloudcenter.de\/index.php\/wp-json\/wp\/v2\/pages\/118\/revisions\/128"}],"up":[{"embeddable":true,"href":"https:\/\/hilfe.telekom-cloudcenter.de\/index.php\/wp-json\/wp\/v2\/pages\/95"}],"wp:attachment":[{"href":"https:\/\/hilfe.telekom-cloudcenter.de\/index.php\/wp-json\/wp\/v2\/media?parent=118"}],"curies":[{"name":"wp","href":"https:\/\/api.w.org\/{rel}","templated":true}]}}