{"id":122,"date":"2016-10-21T12:06:14","date_gmt":"2016-10-21T12:06:14","guid":{"rendered":"https:\/\/hilfe.telekom-cloudcenter.de\/?page_id=122"},"modified":"2023-11-17T08:12:10","modified_gmt":"2023-11-17T08:12:10","slug":"domaindaten-erfassen","status":"publish","type":"page","link":"https:\/\/hilfe.telekom-cloudcenter.de\/index.php\/domainverwaltung\/domain-beauftragen\/domaindaten-erfassen\/","title":{"rendered":"Domaindaten erfassen"},"content":{"rendered":"\n<p>Bei der Erfassung der Domaindaten k\u00f6nnen Sie zun\u00e4chst festlegen, f\u00fcr welche Produkte Sie diese verwenden wollen. Dazu k\u00f6nnen Sie die Produkt-Optionen <strong>&#8220;Microsoft Exchange&#8221;<\/strong> und <strong>&#8220;E-Mail Protect Pro&#8221;<\/strong> w\u00e4hlen.\u00a0Weiterhin haben Sie die M\u00f6glichkeit Ihre Domain mit DNSsec zu sichern. Aktivieren Sie dazu die Option <strong>&#8220;DNSSec&#8221;<\/strong>. Unter DNSSec versteht man eine Reihe von Sicherheitserweiterungen f\u00fcr Ihre Domain. Diese Sicherheitserweiterungen sch\u00fctzen Sie vor bestimmten Angriffsarten wie zum Beispiel der Verf\u00e4lschung von DNS-Cache-Daten: Durch &#8220;gef\u00e4lschte&#8221; oder verf\u00e4lschte DNS-Eintr\u00e4ge bzw. \u2013Nachrichten k\u00f6nnen Internet-Nutzer auf falsche Systeme umgelenkt werden und dort ausspioniert\/Daten-beklaut\/etc. werden. Mit DNSSec werden Ihre DNS-Anfragen und Antworten mit asymmetrischen Verschl\u00fcsselungsverfahren signiert. Das sichert die Integrit\u00e4t de Daten (Verf\u00e4lschung z.B. beim Transport nicht mehr m\u00f6glich) und die Quellen-Authentifizierung (&#8220;Der, den ich gefragt habe, ist auch der, der geantwortet hat&#8221;).<\/p>\n\n\n\n<p>W\u00e4hlen Sie die Produkt-Option <strong>&#8220;Microsoft Exchange&#8221;<\/strong>, wird Ihre Domain innerhalb der Registrierung als sendende und empfangende Domain im Exchange Server der Telekom Cloud Manager Plattform bekannt gemacht, sodass Sie nach der Registrierung E-Mailadressen unter Verwendung dieser Domain anlegen k\u00f6nnen.<\/p>\n\n\n\n<p>Die Optionen &#8220;Microsoft Exchange&#8221;, &#8220;E-Mail Protect Pro&#8221; und &#8220;DNSSec&#8221; stehen Ihnen gleicherma\u00dfen sowohl bei der Beauftragung einer neuen als auch der \u00dcbertragung einer bestehenden Domain zum Cloud Manager zur Verf\u00fcgung.<\/p>\n\n\n\n<hr class=\"wp-block-separator has-alpha-channel-opacity\"\/>\n\n\n\n<p><strong>Inhaber- und Admin C Daten<\/strong><\/p>\n\n\n\n<p>Neben den allgemeinen Informationen&nbsp;m\u00fcssen Sie die Daten zum Inhaber sowie Admin C (technischer Verwalter der Domain) erfassen. Haben Sie bereits zuvor eine Domainregistrierung oder -\u00fcbernahme im Cloud Manager durchgef\u00fchrt, werden alle Daten zum Domaininhaber und zum Admin C mit den bereits verwendeten Daten vorbelegt und k\u00f6nnen im Formular nicht ge\u00e4ndert werden.<\/p>\n\n\n\n<p>F\u00fcr die Domainregistrierung werden sogenannte &#8220;Handledaten&#8221; verwendet. Das bedeutet, dass ein Kontaktdatensatz, bestehend aus Domaininhaber und Admin C, f\u00fcr eine Topleveldomain gleicherma\u00dfen verwendet wird. Dabei werden Topleveldomains zu einer sogenannten Handlegruppe zusammengefasst. Im Cloud Manager gilt pro Topleveldomain ein Kontaktdatensatz, das hei\u00dft jede Topleveldomain (.de, .com, .net, etc.) stellt eine Handlegruppe dar. Haben Sie nun bereits eine Domainregistrierung f\u00fcr eine in dieser Handlegruppe enthaltene Topleveldomain durchgef\u00fchrt, werden die jeweiligen Kontaktdaten bei jeder weiteren Domainregistrierung f\u00fcr eine der Topleveldomains verwendet. Um die Kontaktdaten einer Handlegruppe zu \u00e4ndern, w\u00e4hlen Sie in den Domaindetails einer registrierten Domain die Funktion zum <a href=\"https:\/\/hilfe.telekom-cloudcenter.de\/index.php\/domainverwaltung\/domain-bearbeiten\/\">Bearbeiten der Kontaktdaten.<\/a> Dabei werden anschlie\u00dfend die Kontaktdaten f\u00fcr die gesamte Handlegruppe ge\u00e4ndert.<\/p>\n\n\n\n<p>Wenn Sie als Privatperson eine Domain beauftragen oder \u00fcbernehmen wollen, w\u00e4hlen Sie im Auswahlfeld &#8220;Anrede&#8221; bitte &#8220;Herr&#8221; oder &#8220;Frau&#8221;. Als Firma w\u00e4hlen Sie in der Auswahl stattdessen bitte &#8220;Firma&#8221; und geben zudem Ihren Firmennamen sowie Ihre Organisationsform an.<\/p>\n\n\n\n<hr class=\"wp-block-separator has-alpha-channel-opacity\"\/>\n\n\n\n<p><strong>Domain\u00fcbernahme \/ KK-Auftrag (Transferauftrag)<\/strong><\/p>\n\n\n\n<p>Bei Domain\u00fcbernahme (KK-Auftrag) enth\u00e4lt das Formular zudem ein zus\u00e4tzliches Feld f\u00fcr den AuthCode (Autorisierungscode). Diesen AuthCode (auch Authinfo, EPP Key, Domain Key) ben\u00f6tigen Sie, um die Inhaberschaft der betreffenden Domain nachzuweisen und somit den \u00dcbernahmeauftrag zu autorisieren.<\/p>\n\n\n\n<p>Den AuthCode erhalten Sie von Ihrem bisherigen Provider. Mit diesem soll sichergestellt werden, dass keine unrechtm\u00e4\u00dfigen Domain\u00fcbernahmen erfolgen k\u00f6nnen.<\/p>\n\n\n\n<hr class=\"wp-block-separator has-alpha-channel-opacity\"\/>\n\n\n\n<p><strong>Registrierungsvorgang<\/strong><\/p>\n\n\n\n<p>Nach der Best\u00e4tigung aller erforderlichen Daten durch Wahl der Schaltfl\u00e4che &#8220;<strong>Registrieren&#8221; <\/strong>wird die Domain in der Domainverwaltung zun\u00e4chst mit dem Status \u201e<strong>beauftragt<\/strong>\u201c aufgef\u00fchrt.<\/p>\n\n\n\n<p>W\u00e4hrend des laufenden Registrierungsprozesses werden Sie per E-Mail \u00fcber den Verlauf Ihrer Domainregistrierung bzw. -\u00fcbernahme informiert. Nach erfolgreicher Durchf\u00fchrung Ihrer Domainbeauftragung\/-\u00fcbernahme ist die Domain mit dem Status &#8220;registriert&#8221; in der Domain\u00fcbersicht ersichtlich.<\/p>\n\n\n\n<p>\u00dcber den Cloud Manager registrierte bzw. \u00fcbernommene Domains sind standardm\u00e4\u00dfig als &#8220;verifiziert&#8221; und &#8220;MX-Record verifiziert&#8221; gekennzeichnet und k\u00f6nnen somit sofort nach erfolgreicher Registrierung z.B. f\u00fcr Ihre E-Mailadessen genutzt werden k\u00f6nnen.<\/p>\n\n\n\n<p><strong>Wichtiger Hinweis!<\/strong><\/p>\n\n\n\n<p>Bitte beachten Sie, dass bei der \u00dcbernahme einer Domain von Ihrem bisherigen Provider zum Telekom Cloud Manager vorhandene DNS-Records (z.B. A-, MX-, TXT-, oder SRV-Records) nicht automatisch \u00fcbernommen werden. Zur Eintragung von DNS-Records wenden Sie sich bitte an den Service Desk, der die gew\u00fcnschten Eintr\u00e4ge f\u00fcr Sie vornehmen kann. Es wird empfohlen, den Kontakt mit dem Service Desk bei gew\u00fcnschter Eintragung von DNS-Records bereits vor der Erstellung des \u00dcbernahmeauftrages im Cloud Manager aufzunehmen. Somit kann sichergestellt werden, dass Ihre DNS-Records unmittelbar nach Durchf\u00fchrung der Domain\u00fcbernahme zur Verf\u00fcgung stehen.<\/p>\n","protected":false},"excerpt":{"rendered":"<p>Bei der Erfassung der Domaindaten k\u00f6nnen Sie zun\u00e4chst festlegen, f\u00fcr welche Produkte Sie diese verwenden wollen. Dazu k\u00f6nnen Sie die Produkt-Optionen &#8220;Microsoft Exchange&#8221; und &#8220;E-Mail Protect Pro&#8221; w\u00e4hlen.\u00a0Weiterhin haben Sie die M\u00f6glichkeit Ihre Domain mit DNSsec zu sichern. Aktivieren Sie dazu die Option &#8220;DNSSec&#8221;. Unter DNSSec versteht man eine Reihe von Sicherheitserweiterungen f\u00fcr Ihre Domain&#8230;. <a href=\"https:\/\/hilfe.telekom-cloudcenter.de\/index.php\/domainverwaltung\/domain-beauftragen\/domaindaten-erfassen\/\">read more &raquo;<\/a><\/p>\n","protected":false},"author":1,"featured_media":0,"parent":95,"menu_order":0,"comment_status":"closed","ping_status":"closed","template":"","meta":{"footnotes":""},"_links":{"self":[{"href":"https:\/\/hilfe.telekom-cloudcenter.de\/index.php\/wp-json\/wp\/v2\/pages\/122"}],"collection":[{"href":"https:\/\/hilfe.telekom-cloudcenter.de\/index.php\/wp-json\/wp\/v2\/pages"}],"about":[{"href":"https:\/\/hilfe.telekom-cloudcenter.de\/index.php\/wp-json\/wp\/v2\/types\/page"}],"author":[{"embeddable":true,"href":"https:\/\/hilfe.telekom-cloudcenter.de\/index.php\/wp-json\/wp\/v2\/users\/1"}],"replies":[{"embeddable":true,"href":"https:\/\/hilfe.telekom-cloudcenter.de\/index.php\/wp-json\/wp\/v2\/comments?post=122"}],"version-history":[{"count":7,"href":"https:\/\/hilfe.telekom-cloudcenter.de\/index.php\/wp-json\/wp\/v2\/pages\/122\/revisions"}],"predecessor-version":[{"id":6274,"href":"https:\/\/hilfe.telekom-cloudcenter.de\/index.php\/wp-json\/wp\/v2\/pages\/122\/revisions\/6274"}],"up":[{"embeddable":true,"href":"https:\/\/hilfe.telekom-cloudcenter.de\/index.php\/wp-json\/wp\/v2\/pages\/95"}],"wp:attachment":[{"href":"https:\/\/hilfe.telekom-cloudcenter.de\/index.php\/wp-json\/wp\/v2\/media?parent=122"}],"curies":[{"name":"wp","href":"https:\/\/api.w.org\/{rel}","templated":true}]}}