{"id":181,"date":"2016-10-25T09:48:02","date_gmt":"2016-10-25T09:48:02","guid":{"rendered":"https:\/\/hilfe.telekom-cloudcenter.de\/?page_id=181"},"modified":"2016-10-26T09:31:55","modified_gmt":"2016-10-26T09:31:55","slug":"sharepoint-nutzerdaten-bearbeiten","status":"publish","type":"page","link":"https:\/\/hilfe.telekom-cloudcenter.de\/index.php\/nutzerverwaltung\/nutzerdetails\/sharepoint-nutzerdaten-bearbeiten\/","title":{"rendered":"SharePoint-Nutzerdaten bearbeiten"},"content":{"rendered":"<p>Um die\u00a0SharePoint-Lizenzdaten eines Nutzers zu bearbeiten, w\u00e4hlen Sie das Stift-Symbol in der Datenbox &#8220;SharePoint-Nutzer&#8221;. Anschlie\u00dfend k\u00f6nnen Sie im Bearbeitungsmodus folgende \u00c4nderungen vornehmen<\/p>\n<ul>\n<li>\u00c4ndern des SharePoint-Lizenztyps<\/li>\n<li>\u00c4ndern der (externen) E-Mailadresse f\u00fcr E-Mailbenachrichtigungen an den SharePoint-Nutzer (nur m\u00f6glich bei Nutzern ohne Microsoft Exchange Mailbox oder Mail-Enabled User-Mailadresse)<\/li>\n<\/ul>\n<p>Bitte beachten Sie, dass das \u00c4ndern des SharePoint-Lizenztyps nur dann m\u00f6glich ist, wenn Sie \u00fcber frei verf\u00fcgbare Lizenzen f\u00fcr den jeweiligen Lizenztyp verf\u00fcgen.<\/p>\n<hr \/>\n<p><strong>SharePoint-Lizenz\u00a0zuweisen<\/strong><\/p>\n<p>Einem Nutzer ohne zugewiesene SharePoint-Lizenz k\u00f6nnen Sie in der Datenbox &#8220;SharePoint-Nutzer&#8221; eine\u00a0SharePoint-Lizenz zuweisen. F\u00fcr die Konfiguration stehen Ihnen die gleichen Funktionen wie beim Bearbeiten der\u00a0Lizenztypen (siehe oben) zur Verf\u00fcgung.\u00a0W\u00e4hlen Sie hierzu die Schaltfl\u00e4che <strong>&#8220;SharePoint-Lizenz zuweisen&#8221;<\/strong>. Sie gelangen anschlie\u00dfend in die Ansicht zum Zuweisen der SharePoint-Lizenz. Weiterf\u00fchrende Informationen zu den einzelnen\u00a0Konfigurationsm\u00f6glichkeiten finden Sie im <a href=\"https:\/\/hilfe.telekom-cloudcenter.de\/index.php\/produkte\/\"><strong>Produktbereich<\/strong><\/a>\u00a0unter <a href=\"https:\/\/hilfe.telekom-cloudcenter.de\/index.php\/produkte\/microsoft-sharepoint\/sharepoint-nutzer\/sharepoint-lizenz-zuweisen\/\"><strong>&#8220;SharePoint-Lizenz zuweisen&#8221;<\/strong><\/a>.<\/p>\n","protected":false},"excerpt":{"rendered":"<p>Um die\u00a0SharePoint-Lizenzdaten eines Nutzers zu bearbeiten, w\u00e4hlen Sie das Stift-Symbol in der Datenbox &#8220;SharePoint-Nutzer&#8221;. Anschlie\u00dfend k\u00f6nnen Sie im Bearbeitungsmodus folgende \u00c4nderungen vornehmen \u00c4ndern des SharePoint-Lizenztyps \u00c4ndern der (externen) E-Mailadresse f\u00fcr E-Mailbenachrichtigungen an den SharePoint-Nutzer (nur m\u00f6glich bei Nutzern ohne Microsoft Exchange Mailbox oder Mail-Enabled User-Mailadresse) Bitte beachten Sie, dass das \u00c4ndern des SharePoint-Lizenztyps nur dann&#8230; <a href=\"https:\/\/hilfe.telekom-cloudcenter.de\/index.php\/nutzerverwaltung\/nutzerdetails\/sharepoint-nutzerdaten-bearbeiten\/\">read more &raquo;<\/a><\/p>\n","protected":false},"author":1,"featured_media":0,"parent":174,"menu_order":0,"comment_status":"closed","ping_status":"closed","template":"","meta":{"footnotes":""},"_links":{"self":[{"href":"https:\/\/hilfe.telekom-cloudcenter.de\/index.php\/wp-json\/wp\/v2\/pages\/181"}],"collection":[{"href":"https:\/\/hilfe.telekom-cloudcenter.de\/index.php\/wp-json\/wp\/v2\/pages"}],"about":[{"href":"https:\/\/hilfe.telekom-cloudcenter.de\/index.php\/wp-json\/wp\/v2\/types\/page"}],"author":[{"embeddable":true,"href":"https:\/\/hilfe.telekom-cloudcenter.de\/index.php\/wp-json\/wp\/v2\/users\/1"}],"replies":[{"embeddable":true,"href":"https:\/\/hilfe.telekom-cloudcenter.de\/index.php\/wp-json\/wp\/v2\/comments?post=181"}],"version-history":[{"count":7,"href":"https:\/\/hilfe.telekom-cloudcenter.de\/index.php\/wp-json\/wp\/v2\/pages\/181\/revisions"}],"predecessor-version":[{"id":278,"href":"https:\/\/hilfe.telekom-cloudcenter.de\/index.php\/wp-json\/wp\/v2\/pages\/181\/revisions\/278"}],"up":[{"embeddable":true,"href":"https:\/\/hilfe.telekom-cloudcenter.de\/index.php\/wp-json\/wp\/v2\/pages\/174"}],"wp:attachment":[{"href":"https:\/\/hilfe.telekom-cloudcenter.de\/index.php\/wp-json\/wp\/v2\/media?parent=181"}],"curies":[{"name":"wp","href":"https:\/\/api.w.org\/{rel}","templated":true}]}}