{"id":185,"date":"2016-10-25T09:52:33","date_gmt":"2016-10-25T09:52:33","guid":{"rendered":"https:\/\/hilfe.telekom-cloudcenter.de\/?page_id=185"},"modified":"2016-10-25T14:57:44","modified_gmt":"2016-10-25T14:57:44","slug":"nutzer-sperren-entsperren","status":"publish","type":"page","link":"https:\/\/hilfe.telekom-cloudcenter.de\/index.php\/nutzerverwaltung\/nutzer-sperren-entsperren\/","title":{"rendered":"Nutzer sperren\/entsperren"},"content":{"rendered":"<p>Beim Sperren wird dem Nutzer das Recht entzogen, sich an Diensten, wie Outlook Web Access oder am Cloud Manager anzumelden. Die Daten der gesperrten Nutzer einschlie\u00dflich eingerichteter Postf\u00e4cher oder sonstiger produktspezifischer Zuweisungen bleiben jedoch erhalten. Das Kontingent an zugeordneten Produkten wird dadurch nicht ver\u00e4ndert, es werden also keine Ressourcen freigegeben.<\/p>\n<p>Zum Sperren w\u00e4hlen Sie einen oder mehrere Nutzer in der Nutzer\u00fcbersicht durch Aktivieren der Checkbox aus vor dem Nach- und Vornamen aus. \u00a0Anschlie\u00dfend w\u00e4hlen Sie die Schaltfl\u00e4che &#8220;Nutzer sperren&#8221; und best\u00e4tigen die Sicherheitsabfrage mit &#8220;Ok&#8221;. Die Funktionen zum Sperren k\u00f6nnen Sie ebenso in der <a href=\"https:\/\/hilfe.telekom-cloudcenter.de\/index.php\/nutzerverwaltung\/nutzerdetails\/\"><strong>Detailansicht<\/strong><\/a> eines einzelnen Nutzers w\u00e4hlen.<\/p>\n<p>Gesperrte Nutzer werden in der Nutzer\u00fcbersicht als durchgestrichene Datens\u00e4tze dargestellt, wobei ein Hilfetext auf die Sperrung hinweist. Das Entsperren von Nutzern erfolgt analog der o. g. Vorgehensweise beim Sperren.<\/p>\n<p><strong>Hinweis:<\/strong> Die Aktualisierung des Nutzerstatus kann bis zu 10 Sekunden dauern. Laden Sie die Nutzertabelle nach kurzer Wartezeit ggf. noch einmal neu, wenn der Status nicht ge\u00e4ndert wurde.<\/p>\n<hr \/>\n<p><strong>Automatische Sperrung von Nutzern:<\/strong><\/p>\n<p>Durch Festlegung des Ablaufdatums in den Nutzerdetails eines Nutzers erreichen Sie die automatische Sperrung des Nutzerkontos bei Erreichen des festgelegten Datums. Das Ablaufdatum k\u00f6nnen Sie sowohl bei <a href=\"https:\/\/hilfe.telekom-cloudcenter.de\/index.php\/nutzerverwaltung\/nutzer-anlegen\/\"><strong>Neuanlage<\/strong><\/a> als auch beim <a href=\"https:\/\/hilfe.telekom-cloudcenter.de\/index.php\/nutzerverwaltung\/nutzerdetails\/nutzer-bearbeiten\/\"><strong>Bearbeiten<\/strong><\/a> eines vorhandenen Nutzers festlegen.<\/p>\n","protected":false},"excerpt":{"rendered":"<p>Beim Sperren wird dem Nutzer das Recht entzogen, sich an Diensten, wie Outlook Web Access oder am Cloud Manager anzumelden. Die Daten der gesperrten Nutzer einschlie\u00dflich eingerichteter Postf\u00e4cher oder sonstiger produktspezifischer Zuweisungen bleiben jedoch erhalten. Das Kontingent an zugeordneten Produkten wird dadurch nicht ver\u00e4ndert, es werden also keine Ressourcen freigegeben. Zum Sperren w\u00e4hlen Sie einen&#8230; <a href=\"https:\/\/hilfe.telekom-cloudcenter.de\/index.php\/nutzerverwaltung\/nutzer-sperren-entsperren\/\">read more &raquo;<\/a><\/p>\n","protected":false},"author":1,"featured_media":0,"parent":33,"menu_order":0,"comment_status":"closed","ping_status":"closed","template":"","meta":{"footnotes":""},"_links":{"self":[{"href":"https:\/\/hilfe.telekom-cloudcenter.de\/index.php\/wp-json\/wp\/v2\/pages\/185"}],"collection":[{"href":"https:\/\/hilfe.telekom-cloudcenter.de\/index.php\/wp-json\/wp\/v2\/pages"}],"about":[{"href":"https:\/\/hilfe.telekom-cloudcenter.de\/index.php\/wp-json\/wp\/v2\/types\/page"}],"author":[{"embeddable":true,"href":"https:\/\/hilfe.telekom-cloudcenter.de\/index.php\/wp-json\/wp\/v2\/users\/1"}],"replies":[{"embeddable":true,"href":"https:\/\/hilfe.telekom-cloudcenter.de\/index.php\/wp-json\/wp\/v2\/comments?post=185"}],"version-history":[{"count":2,"href":"https:\/\/hilfe.telekom-cloudcenter.de\/index.php\/wp-json\/wp\/v2\/pages\/185\/revisions"}],"predecessor-version":[{"id":247,"href":"https:\/\/hilfe.telekom-cloudcenter.de\/index.php\/wp-json\/wp\/v2\/pages\/185\/revisions\/247"}],"up":[{"embeddable":true,"href":"https:\/\/hilfe.telekom-cloudcenter.de\/index.php\/wp-json\/wp\/v2\/pages\/33"}],"wp:attachment":[{"href":"https:\/\/hilfe.telekom-cloudcenter.de\/index.php\/wp-json\/wp\/v2\/media?parent=185"}],"curies":[{"name":"wp","href":"https:\/\/api.w.org\/{rel}","templated":true}]}}