{"id":309,"date":"2016-10-27T09:53:24","date_gmt":"2016-10-27T09:53:24","guid":{"rendered":"https:\/\/hilfe.telekom-cloudcenter.de\/?page_id=309"},"modified":"2016-10-27T11:03:01","modified_gmt":"2016-10-27T11:03:01","slug":"standort-loschen","status":"publish","type":"page","link":"https:\/\/hilfe.telekom-cloudcenter.de\/index.php\/nutzerverwaltung\/standorte\/standort-loschen\/","title":{"rendered":"Standort l\u00f6schen"},"content":{"rendered":"<p>Um einen oder mehrere Standorte zu l\u00f6schen, markieren Sie diese per Aktivieren der Checkbox vor dem Standortnamen und w\u00e4hlen anschlie\u00dfend die Schaltfl\u00e4che <strong>&#8220;Standort l\u00f6schen&#8221;<\/strong>. Alternativ k\u00f6nnen Sie einen einzelnen Standort auch nach Aufruf der Standortdetails l\u00f6schen. Bitte beachten Sie, dass die Schaltfl\u00e4che <strong>&#8220;Standort l\u00f6schen&#8221;<\/strong> erst dann aktiv ist, wenn Sie mindestens einen Standort ausgew\u00e4hlt haben oder sich in der Detailansicht eines Standorts befinden.<\/p>\n","protected":false},"excerpt":{"rendered":"<p>Um einen oder mehrere Standorte zu l\u00f6schen, markieren Sie diese per Aktivieren der Checkbox vor dem Standortnamen und w\u00e4hlen anschlie\u00dfend die Schaltfl\u00e4che &#8220;Standort l\u00f6schen&#8221;. Alternativ k\u00f6nnen Sie einen einzelnen Standort auch nach Aufruf der Standortdetails l\u00f6schen. Bitte beachten Sie, dass die Schaltfl\u00e4che &#8220;Standort l\u00f6schen&#8221; erst dann aktiv ist, wenn Sie mindestens einen Standort ausgew\u00e4hlt haben&#8230; <a href=\"https:\/\/hilfe.telekom-cloudcenter.de\/index.php\/nutzerverwaltung\/standorte\/standort-loschen\/\">read more &raquo;<\/a><\/p>\n","protected":false},"author":1,"featured_media":0,"parent":199,"menu_order":0,"comment_status":"closed","ping_status":"closed","template":"","meta":{"footnotes":""},"_links":{"self":[{"href":"https:\/\/hilfe.telekom-cloudcenter.de\/index.php\/wp-json\/wp\/v2\/pages\/309"}],"collection":[{"href":"https:\/\/hilfe.telekom-cloudcenter.de\/index.php\/wp-json\/wp\/v2\/pages"}],"about":[{"href":"https:\/\/hilfe.telekom-cloudcenter.de\/index.php\/wp-json\/wp\/v2\/types\/page"}],"author":[{"embeddable":true,"href":"https:\/\/hilfe.telekom-cloudcenter.de\/index.php\/wp-json\/wp\/v2\/users\/1"}],"replies":[{"embeddable":true,"href":"https:\/\/hilfe.telekom-cloudcenter.de\/index.php\/wp-json\/wp\/v2\/comments?post=309"}],"version-history":[{"count":3,"href":"https:\/\/hilfe.telekom-cloudcenter.de\/index.php\/wp-json\/wp\/v2\/pages\/309\/revisions"}],"predecessor-version":[{"id":341,"href":"https:\/\/hilfe.telekom-cloudcenter.de\/index.php\/wp-json\/wp\/v2\/pages\/309\/revisions\/341"}],"up":[{"embeddable":true,"href":"https:\/\/hilfe.telekom-cloudcenter.de\/index.php\/wp-json\/wp\/v2\/pages\/199"}],"wp:attachment":[{"href":"https:\/\/hilfe.telekom-cloudcenter.de\/index.php\/wp-json\/wp\/v2\/media?parent=309"}],"curies":[{"name":"wp","href":"https:\/\/api.w.org\/{rel}","templated":true}]}}