{"id":315,"date":"2016-10-27T10:15:36","date_gmt":"2016-10-27T10:15:36","guid":{"rendered":"https:\/\/hilfe.telekom-cloudcenter.de\/?page_id=315"},"modified":"2016-10-27T10:59:41","modified_gmt":"2016-10-27T10:59:41","slug":"abteilung-loschen","status":"publish","type":"page","link":"https:\/\/hilfe.telekom-cloudcenter.de\/index.php\/nutzerverwaltung\/abteilungen\/abteilung-loschen\/","title":{"rendered":"Abteilung l\u00f6schen"},"content":{"rendered":"<p>Um eine oder mehrere Abteilungen zu l\u00f6schen, markieren Sie diese per Aktivieren der Checkbox vor dem Abteilungsnamen und w\u00e4hlen anschlie\u00dfend die Schaltfl\u00e4che <strong>&#8220;Abteilung l\u00f6schen&#8221;<\/strong>. Alternativ k\u00f6nnen Sie eine einzelne Abteilung auch nach Aufruf der Abteilungsdetails l\u00f6schen. Bitte beachten Sie, dass die Schaltfl\u00e4che <strong>&#8220;Abteilung l\u00f6schen&#8221;<\/strong> erst dann aktiv ist, wenn Sie mindestens eine Abteilung ausgew\u00e4hlt haben oder sich in der Detailansicht einer Abteilung befinden.<\/p>\n","protected":false},"excerpt":{"rendered":"<p>Um eine oder mehrere Abteilungen zu l\u00f6schen, markieren Sie diese per Aktivieren der Checkbox vor dem Abteilungsnamen und w\u00e4hlen anschlie\u00dfend die Schaltfl\u00e4che &#8220;Abteilung l\u00f6schen&#8221;. Alternativ k\u00f6nnen Sie eine einzelne Abteilung auch nach Aufruf der Abteilungsdetails l\u00f6schen. Bitte beachten Sie, dass die Schaltfl\u00e4che &#8220;Abteilung l\u00f6schen&#8221; erst dann aktiv ist, wenn Sie mindestens eine Abteilung ausgew\u00e4hlt haben&#8230; <a href=\"https:\/\/hilfe.telekom-cloudcenter.de\/index.php\/nutzerverwaltung\/abteilungen\/abteilung-loschen\/\">read more &raquo;<\/a><\/p>\n","protected":false},"author":1,"featured_media":0,"parent":193,"menu_order":0,"comment_status":"closed","ping_status":"closed","template":"","meta":{"footnotes":""},"_links":{"self":[{"href":"https:\/\/hilfe.telekom-cloudcenter.de\/index.php\/wp-json\/wp\/v2\/pages\/315"}],"collection":[{"href":"https:\/\/hilfe.telekom-cloudcenter.de\/index.php\/wp-json\/wp\/v2\/pages"}],"about":[{"href":"https:\/\/hilfe.telekom-cloudcenter.de\/index.php\/wp-json\/wp\/v2\/types\/page"}],"author":[{"embeddable":true,"href":"https:\/\/hilfe.telekom-cloudcenter.de\/index.php\/wp-json\/wp\/v2\/users\/1"}],"replies":[{"embeddable":true,"href":"https:\/\/hilfe.telekom-cloudcenter.de\/index.php\/wp-json\/wp\/v2\/comments?post=315"}],"version-history":[{"count":3,"href":"https:\/\/hilfe.telekom-cloudcenter.de\/index.php\/wp-json\/wp\/v2\/pages\/315\/revisions"}],"predecessor-version":[{"id":339,"href":"https:\/\/hilfe.telekom-cloudcenter.de\/index.php\/wp-json\/wp\/v2\/pages\/315\/revisions\/339"}],"up":[{"embeddable":true,"href":"https:\/\/hilfe.telekom-cloudcenter.de\/index.php\/wp-json\/wp\/v2\/pages\/193"}],"wp:attachment":[{"href":"https:\/\/hilfe.telekom-cloudcenter.de\/index.php\/wp-json\/wp\/v2\/media?parent=315"}],"curies":[{"name":"wp","href":"https:\/\/api.w.org\/{rel}","templated":true}]}}