{"id":326,"date":"2016-10-27T10:36:01","date_gmt":"2016-10-27T10:36:01","guid":{"rendered":"https:\/\/hilfe.telekom-cloudcenter.de\/?page_id=326"},"modified":"2016-10-27T10:38:40","modified_gmt":"2016-10-27T10:38:40","slug":"standort-bearbeiten","status":"publish","type":"page","link":"https:\/\/hilfe.telekom-cloudcenter.de\/index.php\/nutzerverwaltung\/standorte\/standortdetails\/standort-bearbeiten\/","title":{"rendered":"Standort bearbeiten"},"content":{"rendered":"<p>Um einen Standort zu bearbeiten w\u00e4hlen Sie in den <a href=\"https:\/\/hilfe.telekom-cloudcenter.de\/index.php\/nutzerverwaltung\/standorte\/standortdetails\/\"><strong>Standortdetails<\/strong><\/a> das Stift-Symbol in der Datenbox &#8220;Standortdaten&#8221;. Anschlie\u00dfend k\u00f6nnen Sie in der Bearbeitungsansicht die Standortdaten \u00e4ndern oder zus\u00e4tzliche Standortdaten erfassen. Ihre \u00c4nderungen best\u00e4tigen Sie durch die Schaltfl\u00e4che <strong>&#8220;Speichern&#8221;<\/strong>.<\/p>\n","protected":false},"excerpt":{"rendered":"<p>Um einen Standort zu bearbeiten w\u00e4hlen Sie in den Standortdetails das Stift-Symbol in der Datenbox &#8220;Standortdaten&#8221;. Anschlie\u00dfend k\u00f6nnen Sie in der Bearbeitungsansicht die Standortdaten \u00e4ndern oder zus\u00e4tzliche Standortdaten erfassen. Ihre \u00c4nderungen best\u00e4tigen Sie durch die Schaltfl\u00e4che &#8220;Speichern&#8221;.<\/p>\n","protected":false},"author":1,"featured_media":0,"parent":307,"menu_order":0,"comment_status":"closed","ping_status":"closed","template":"","meta":{"footnotes":""},"_links":{"self":[{"href":"https:\/\/hilfe.telekom-cloudcenter.de\/index.php\/wp-json\/wp\/v2\/pages\/326"}],"collection":[{"href":"https:\/\/hilfe.telekom-cloudcenter.de\/index.php\/wp-json\/wp\/v2\/pages"}],"about":[{"href":"https:\/\/hilfe.telekom-cloudcenter.de\/index.php\/wp-json\/wp\/v2\/types\/page"}],"author":[{"embeddable":true,"href":"https:\/\/hilfe.telekom-cloudcenter.de\/index.php\/wp-json\/wp\/v2\/users\/1"}],"replies":[{"embeddable":true,"href":"https:\/\/hilfe.telekom-cloudcenter.de\/index.php\/wp-json\/wp\/v2\/comments?post=326"}],"version-history":[{"count":3,"href":"https:\/\/hilfe.telekom-cloudcenter.de\/index.php\/wp-json\/wp\/v2\/pages\/326\/revisions"}],"predecessor-version":[{"id":329,"href":"https:\/\/hilfe.telekom-cloudcenter.de\/index.php\/wp-json\/wp\/v2\/pages\/326\/revisions\/329"}],"up":[{"embeddable":true,"href":"https:\/\/hilfe.telekom-cloudcenter.de\/index.php\/wp-json\/wp\/v2\/pages\/307"}],"wp:attachment":[{"href":"https:\/\/hilfe.telekom-cloudcenter.de\/index.php\/wp-json\/wp\/v2\/media?parent=326"}],"curies":[{"name":"wp","href":"https:\/\/api.w.org\/{rel}","templated":true}]}}