{"id":349,"date":"2016-10-27T12:29:25","date_gmt":"2016-10-27T12:29:25","guid":{"rendered":"https:\/\/hilfe.telekom-cloudcenter.de\/?page_id=349"},"modified":"2016-10-27T14:32:14","modified_gmt":"2016-10-27T14:32:14","slug":"mitglieder-aus-gruppe-entfernen","status":"publish","type":"page","link":"https:\/\/hilfe.telekom-cloudcenter.de\/index.php\/nutzerverwaltung\/gruppen\/gruppendetails\/mitglieder-aus-gruppe-entfernen\/","title":{"rendered":"Mitglieder aus Gruppe entfernen"},"content":{"rendered":"<p>Um einen Nutzer aus der Gruppe zu entfernen, w\u00e4hlen Sie die Schaltfl\u00e4che &#8220;aus Gruppe entfernen&#8221; und best\u00e4tigen die Sicherheitsabfrage mit &#8220;Ok&#8221;. Der Nutzer wird anschlie\u00dfend aus der Gruppe gel\u00f6scht. Die Nutzer- und Produktdaten des Nutzers bleiben erhalten.<\/p>\n","protected":false},"excerpt":{"rendered":"<p>Um einen Nutzer aus der Gruppe zu entfernen, w\u00e4hlen Sie die Schaltfl\u00e4che &#8220;aus Gruppe entfernen&#8221; und best\u00e4tigen die Sicherheitsabfrage mit &#8220;Ok&#8221;. Der Nutzer wird anschlie\u00dfend aus der Gruppe gel\u00f6scht. Die Nutzer- und Produktdaten des Nutzers bleiben erhalten.<\/p>\n","protected":false},"author":1,"featured_media":0,"parent":203,"menu_order":0,"comment_status":"closed","ping_status":"closed","template":"","meta":{"footnotes":""},"_links":{"self":[{"href":"https:\/\/hilfe.telekom-cloudcenter.de\/index.php\/wp-json\/wp\/v2\/pages\/349"}],"collection":[{"href":"https:\/\/hilfe.telekom-cloudcenter.de\/index.php\/wp-json\/wp\/v2\/pages"}],"about":[{"href":"https:\/\/hilfe.telekom-cloudcenter.de\/index.php\/wp-json\/wp\/v2\/types\/page"}],"author":[{"embeddable":true,"href":"https:\/\/hilfe.telekom-cloudcenter.de\/index.php\/wp-json\/wp\/v2\/users\/1"}],"replies":[{"embeddable":true,"href":"https:\/\/hilfe.telekom-cloudcenter.de\/index.php\/wp-json\/wp\/v2\/comments?post=349"}],"version-history":[{"count":3,"href":"https:\/\/hilfe.telekom-cloudcenter.de\/index.php\/wp-json\/wp\/v2\/pages\/349\/revisions"}],"predecessor-version":[{"id":387,"href":"https:\/\/hilfe.telekom-cloudcenter.de\/index.php\/wp-json\/wp\/v2\/pages\/349\/revisions\/387"}],"up":[{"embeddable":true,"href":"https:\/\/hilfe.telekom-cloudcenter.de\/index.php\/wp-json\/wp\/v2\/pages\/203"}],"wp:attachment":[{"href":"https:\/\/hilfe.telekom-cloudcenter.de\/index.php\/wp-json\/wp\/v2\/media?parent=349"}],"curies":[{"name":"wp","href":"https:\/\/api.w.org\/{rel}","templated":true}]}}