{"id":369,"date":"2016-10-27T13:52:20","date_gmt":"2016-10-27T13:52:20","guid":{"rendered":"https:\/\/hilfe.telekom-cloudcenter.de\/?page_id=369"},"modified":"2016-11-21T16:05:53","modified_gmt":"2016-11-21T16:05:53","slug":"einstellungen-fur-exchange","status":"publish","type":"page","link":"https:\/\/hilfe.telekom-cloudcenter.de\/index.php\/produkte\/microsoft-exchange\/einstellungen-fur-exchange\/","title":{"rendered":"Einstellungen f\u00fcr Exchange"},"content":{"rendered":"<p>Unter dem Men\u00fcpunkt <strong>&#8220;Einstellungen&#8221;<\/strong> haben Sie die M\u00f6glichkeit, <a href=\"https:\/\/hilfe.telekom-cloudcenter.de\/index.php\/produkte\/microsoft-exchange\/einstellungen-fur-exchange\/regeln-fur-mailadressen\/\"><strong>Regeln f\u00fcr Mailadressen<\/strong><\/a> zu definieren.<\/p>\n","protected":false},"excerpt":{"rendered":"<p>Unter dem Men\u00fcpunkt &#8220;Einstellungen&#8221; haben Sie die M\u00f6glichkeit, Regeln f\u00fcr Mailadressen zu definieren.<\/p>\n","protected":false},"author":1,"featured_media":0,"parent":256,"menu_order":0,"comment_status":"closed","ping_status":"closed","template":"","meta":{"footnotes":""},"_links":{"self":[{"href":"https:\/\/hilfe.telekom-cloudcenter.de\/index.php\/wp-json\/wp\/v2\/pages\/369"}],"collection":[{"href":"https:\/\/hilfe.telekom-cloudcenter.de\/index.php\/wp-json\/wp\/v2\/pages"}],"about":[{"href":"https:\/\/hilfe.telekom-cloudcenter.de\/index.php\/wp-json\/wp\/v2\/types\/page"}],"author":[{"embeddable":true,"href":"https:\/\/hilfe.telekom-cloudcenter.de\/index.php\/wp-json\/wp\/v2\/users\/1"}],"replies":[{"embeddable":true,"href":"https:\/\/hilfe.telekom-cloudcenter.de\/index.php\/wp-json\/wp\/v2\/comments?post=369"}],"version-history":[{"count":3,"href":"https:\/\/hilfe.telekom-cloudcenter.de\/index.php\/wp-json\/wp\/v2\/pages\/369\/revisions"}],"predecessor-version":[{"id":538,"href":"https:\/\/hilfe.telekom-cloudcenter.de\/index.php\/wp-json\/wp\/v2\/pages\/369\/revisions\/538"}],"up":[{"embeddable":true,"href":"https:\/\/hilfe.telekom-cloudcenter.de\/index.php\/wp-json\/wp\/v2\/pages\/256"}],"wp:attachment":[{"href":"https:\/\/hilfe.telekom-cloudcenter.de\/index.php\/wp-json\/wp\/v2\/media?parent=369"}],"curies":[{"name":"wp","href":"https:\/\/api.w.org\/{rel}","templated":true}]}}