{"id":443,"date":"2016-11-21T09:43:26","date_gmt":"2016-11-21T09:43:26","guid":{"rendered":"https:\/\/hilfe.telekom-cloudcenter.de\/?page_id=443"},"modified":"2019-11-21T13:00:03","modified_gmt":"2019-11-21T13:00:03","slug":"verteilerliste-bearbeiten","status":"publish","type":"page","link":"https:\/\/hilfe.telekom-cloudcenter.de\/index.php\/produkte\/microsoft-exchange\/verteilerlisten\/details-einer-verteilerliste\/verteilerliste-bearbeiten\/","title":{"rendered":"Verteilerliste bearbeiten"},"content":{"rendered":"<p>Um eine Verteilerliste zu bearbeiten, w\u00e4hlen Sie zun\u00e4chst die gew\u00fcnschte Verteilerliste in der <a href=\"https:\/\/hilfe.telekom-cloudcenter.de\/index.php\/produkte\/microsoft-exchange\/verteilerlisten\/\"><strong>\u00dcbersicht<\/strong><\/a> der Verteilerlisten durch einen Klick in die jeweilige Zeile aus. In der Detailanzeige der Verteilerliste w\u00e4hlen Sie anschlie\u00dfend das <strong>&#8220;Stift-Symbol<\/strong>&#8221; in der Datenbox &#8220;Daten der Verteilerliste&#8221;.<\/p>\n<p>In der Bearbeitungsansicht k\u00f6nnen Sie die der Verteilerliste zugeordneten E-Mailadressen, die zugeordneten Verwalter, zus\u00e4tzliche Verteilerlisten Optionen sowie die Optionen zur Verteilerlisten Sicherheit bearbeiten.<\/p>\n<p>Abschlie\u00dfend k\u00f6nnen Sie Ihre \u00c4nderungen durch Wahl der Schaltfl\u00e4che <strong>&#8220;Speichern&#8221;<\/strong> best\u00e4tigen.<\/p>\n","protected":false},"excerpt":{"rendered":"<p>Um eine Verteilerliste zu bearbeiten, w\u00e4hlen Sie zun\u00e4chst die gew\u00fcnschte Verteilerliste in der \u00dcbersicht der Verteilerlisten durch einen Klick in die jeweilige Zeile aus. In der Detailanzeige der Verteilerliste w\u00e4hlen Sie anschlie\u00dfend das &#8220;Stift-Symbol&#8221; in der Datenbox &#8220;Daten der Verteilerliste&#8221;. In der Bearbeitungsansicht k\u00f6nnen Sie die der Verteilerliste zugeordneten E-Mailadressen, die zugeordneten Verwalter, zus\u00e4tzliche Verteilerlisten&#8230; <a href=\"https:\/\/hilfe.telekom-cloudcenter.de\/index.php\/produkte\/microsoft-exchange\/verteilerlisten\/details-einer-verteilerliste\/verteilerliste-bearbeiten\/\">read more &raquo;<\/a><\/p>\n","protected":false},"author":1,"featured_media":0,"parent":441,"menu_order":0,"comment_status":"closed","ping_status":"closed","template":"","meta":{"footnotes":""},"_links":{"self":[{"href":"https:\/\/hilfe.telekom-cloudcenter.de\/index.php\/wp-json\/wp\/v2\/pages\/443"}],"collection":[{"href":"https:\/\/hilfe.telekom-cloudcenter.de\/index.php\/wp-json\/wp\/v2\/pages"}],"about":[{"href":"https:\/\/hilfe.telekom-cloudcenter.de\/index.php\/wp-json\/wp\/v2\/types\/page"}],"author":[{"embeddable":true,"href":"https:\/\/hilfe.telekom-cloudcenter.de\/index.php\/wp-json\/wp\/v2\/users\/1"}],"replies":[{"embeddable":true,"href":"https:\/\/hilfe.telekom-cloudcenter.de\/index.php\/wp-json\/wp\/v2\/comments?post=443"}],"version-history":[{"count":5,"href":"https:\/\/hilfe.telekom-cloudcenter.de\/index.php\/wp-json\/wp\/v2\/pages\/443\/revisions"}],"predecessor-version":[{"id":4819,"href":"https:\/\/hilfe.telekom-cloudcenter.de\/index.php\/wp-json\/wp\/v2\/pages\/443\/revisions\/4819"}],"up":[{"embeddable":true,"href":"https:\/\/hilfe.telekom-cloudcenter.de\/index.php\/wp-json\/wp\/v2\/pages\/441"}],"wp:attachment":[{"href":"https:\/\/hilfe.telekom-cloudcenter.de\/index.php\/wp-json\/wp\/v2\/media?parent=443"}],"curies":[{"name":"wp","href":"https:\/\/api.w.org\/{rel}","templated":true}]}}