{"id":4836,"date":"2020-05-06T09:12:34","date_gmt":"2020-05-06T09:12:34","guid":{"rendered":"https:\/\/hilfe.telekom-cloudcenter.de\/?page_id=4836"},"modified":"2020-05-06T10:39:42","modified_gmt":"2020-05-06T10:39:42","slug":"2fa-informationen","status":"publish","type":"page","link":"https:\/\/hilfe.telekom-cloudcenter.de\/index.php\/einstellungen\/2fa-informationen\/","title":{"rendered":"2FA-Informationen"},"content":{"rendered":"\n<p>F\u00fcr die Einrichtung Ihrer mobilen Endger\u00e4te f\u00fcr die 2-Faktor-Authentifizierung nutzen Sie bitte die hier angezeigten Informationen (QR-Code \/ Schl\u00fcssel).<br><br>Einzelheiten zu den Einrichtungsschritten finden Sie hier: <a href=\"https:\/\/hilfe.telekom-cloudcenter.de\/index.php\/einstellungen\/2fa-informationen\/2-faktor-authentifizierung-einrichten\/\"><strong>2-Faktor-Authentifizierung einrichten<\/strong><\/a><\/p>\n","protected":false},"excerpt":{"rendered":"<p>F\u00fcr die Einrichtung Ihrer mobilen Endger\u00e4te f\u00fcr die 2-Faktor-Authentifizierung nutzen Sie bitte die hier angezeigten Informationen (QR-Code \/ Schl\u00fcssel). Einzelheiten zu den Einrichtungsschritten finden Sie hier: 2-Faktor-Authentifizierung einrichten<\/p>\n","protected":false},"author":1,"featured_media":0,"parent":25,"menu_order":0,"comment_status":"closed","ping_status":"closed","template":"","meta":{"footnotes":""},"_links":{"self":[{"href":"https:\/\/hilfe.telekom-cloudcenter.de\/index.php\/wp-json\/wp\/v2\/pages\/4836"}],"collection":[{"href":"https:\/\/hilfe.telekom-cloudcenter.de\/index.php\/wp-json\/wp\/v2\/pages"}],"about":[{"href":"https:\/\/hilfe.telekom-cloudcenter.de\/index.php\/wp-json\/wp\/v2\/types\/page"}],"author":[{"embeddable":true,"href":"https:\/\/hilfe.telekom-cloudcenter.de\/index.php\/wp-json\/wp\/v2\/users\/1"}],"replies":[{"embeddable":true,"href":"https:\/\/hilfe.telekom-cloudcenter.de\/index.php\/wp-json\/wp\/v2\/comments?post=4836"}],"version-history":[{"count":2,"href":"https:\/\/hilfe.telekom-cloudcenter.de\/index.php\/wp-json\/wp\/v2\/pages\/4836\/revisions"}],"predecessor-version":[{"id":4862,"href":"https:\/\/hilfe.telekom-cloudcenter.de\/index.php\/wp-json\/wp\/v2\/pages\/4836\/revisions\/4862"}],"up":[{"embeddable":true,"href":"https:\/\/hilfe.telekom-cloudcenter.de\/index.php\/wp-json\/wp\/v2\/pages\/25"}],"wp:attachment":[{"href":"https:\/\/hilfe.telekom-cloudcenter.de\/index.php\/wp-json\/wp\/v2\/media?parent=4836"}],"curies":[{"name":"wp","href":"https:\/\/api.w.org\/{rel}","templated":true}]}}