{"id":551,"date":"2016-11-23T12:00:27","date_gmt":"2016-11-23T12:00:27","guid":{"rendered":"https:\/\/hilfe.telekom-cloudcenter.de\/?page_id=551"},"modified":"2016-11-23T12:43:17","modified_gmt":"2016-11-23T12:43:17","slug":"site-collection-loschen","status":"publish","type":"page","link":"https:\/\/hilfe.telekom-cloudcenter.de\/index.php\/produkte\/microsoft-sharepoint\/site-collections\/site-collection-loschen\/","title":{"rendered":"Site Collection l\u00f6schen"},"content":{"rendered":"<p>Um Site Collections zu l\u00f6schen, w\u00e4hlen Sie zun\u00e4chst eine oder mehrere Site Collections durch Aktivieren der Checkbox(en) in der <a href=\"https:\/\/hilfe.telekom-cloudcenter.de\/index.php\/produkte\/microsoft-sharepoint\/site-collections\/\"><strong>\u00dcbersicht der Site Collections<\/strong><\/a> aus und w\u00e4hlen anschlie\u00dfend die Schaltfl\u00e4che <strong>&#8220;Site Collection l\u00f6schen&#8221;<\/strong>.<\/p>\n<p>Best\u00e4tigen Sie anschlie\u00dfend die Sicherheitsabfrage mit <strong>&#8220;Ok&#8221;<\/strong>. Das L\u00f6schen einer Site Collection hat keinerlei Freigabe von Nutzungsberechtigungen zur Folge. Etwaige Lizenzzuweisungen bleiben bestehen.<\/p>\n<p><strong>Hinweis:<\/strong> Bitte beachten Sie, dass ggf. auf der Site Collection vorhandene Daten mit L\u00f6schung der Site Collection ebenfalls unwiderruflich gel\u00f6scht werden. Sollten Sie trotzdem versehentlich eine Site Collection gel\u00f6scht haben, kontaktieren Sie den <a href=\"https:\/\/hilfe.telekom-cloudcenter.de\/index.php\/service\/service-desk\/\"><strong>Service\u00a0Desk<\/strong><\/a>.<\/p>\n","protected":false},"excerpt":{"rendered":"<p>Um Site Collections zu l\u00f6schen, w\u00e4hlen Sie zun\u00e4chst eine oder mehrere Site Collections durch Aktivieren der Checkbox(en) in der \u00dcbersicht der Site Collections aus und w\u00e4hlen anschlie\u00dfend die Schaltfl\u00e4che &#8220;Site Collection l\u00f6schen&#8221;. Best\u00e4tigen Sie anschlie\u00dfend die Sicherheitsabfrage mit &#8220;Ok&#8221;. Das L\u00f6schen einer Site Collection hat keinerlei Freigabe von Nutzungsberechtigungen zur Folge. Etwaige Lizenzzuweisungen bleiben bestehen&#8230;. <a href=\"https:\/\/hilfe.telekom-cloudcenter.de\/index.php\/produkte\/microsoft-sharepoint\/site-collections\/site-collection-loschen\/\">read more &raquo;<\/a><\/p>\n","protected":false},"author":1,"featured_media":0,"parent":269,"menu_order":0,"comment_status":"closed","ping_status":"closed","template":"","meta":{"footnotes":""},"_links":{"self":[{"href":"https:\/\/hilfe.telekom-cloudcenter.de\/index.php\/wp-json\/wp\/v2\/pages\/551"}],"collection":[{"href":"https:\/\/hilfe.telekom-cloudcenter.de\/index.php\/wp-json\/wp\/v2\/pages"}],"about":[{"href":"https:\/\/hilfe.telekom-cloudcenter.de\/index.php\/wp-json\/wp\/v2\/types\/page"}],"author":[{"embeddable":true,"href":"https:\/\/hilfe.telekom-cloudcenter.de\/index.php\/wp-json\/wp\/v2\/users\/1"}],"replies":[{"embeddable":true,"href":"https:\/\/hilfe.telekom-cloudcenter.de\/index.php\/wp-json\/wp\/v2\/comments?post=551"}],"version-history":[{"count":3,"href":"https:\/\/hilfe.telekom-cloudcenter.de\/index.php\/wp-json\/wp\/v2\/pages\/551\/revisions"}],"predecessor-version":[{"id":569,"href":"https:\/\/hilfe.telekom-cloudcenter.de\/index.php\/wp-json\/wp\/v2\/pages\/551\/revisions\/569"}],"up":[{"embeddable":true,"href":"https:\/\/hilfe.telekom-cloudcenter.de\/index.php\/wp-json\/wp\/v2\/pages\/269"}],"wp:attachment":[{"href":"https:\/\/hilfe.telekom-cloudcenter.de\/index.php\/wp-json\/wp\/v2\/media?parent=551"}],"curies":[{"name":"wp","href":"https:\/\/api.w.org\/{rel}","templated":true}]}}