{"id":605,"date":"2016-11-24T13:50:46","date_gmt":"2016-11-24T13:50:46","guid":{"rendered":"https:\/\/hilfe.telekom-cloudcenter.de\/?page_id=605"},"modified":"2016-11-24T14:03:00","modified_gmt":"2016-11-24T14:03:00","slug":"produktprofil-anlegen","status":"publish","type":"page","link":"https:\/\/hilfe.telekom-cloudcenter.de\/index.php\/produkte\/produktprofile\/produktprofil-anlegen\/","title":{"rendered":"Produktprofil anlegen"},"content":{"rendered":"<p>Um ein neues Produktprofil anzulegen, w\u00e4hlen Sie den Men\u00fcpunkt <strong>&#8220;Produktprofile&#8221;<\/strong> unterhalb des Hauptmen\u00fcpunktes <strong>&#8220;Produkte&#8221;<\/strong> und anschlie\u00dfend die Schaltfl\u00e4che <strong>&#8220;Produktprofil anlegen&#8221;<\/strong>.<\/p>\n<p>Anschlie\u00dfend gelangen Sie in die Formularansicht zum Anlegen eines neuen Produktprofils. Im Formular w\u00e4hlen Sie die gew\u00fcnschten Produkte und Produktoptionen aus, die das Produktprofil enthalten soll und speichern Ihre Angaben durch Auswahl der Schaltfl\u00e4che <strong>&#8220;Speichern&#8221;<\/strong>.<\/p>\n<p>Anschlie\u00dfend gelangen Sie zur\u00fcck auf die \u00dcbersichtsseite der Produktprofile, auf welcher Ihnen das neu erstellte Produktprofil anzeigt wird.<\/p>\n<p>Wenn f\u00fcr Ihre Organisation Produktprofile hinterlegt wurden, k\u00f6nnen Sie sowohl beim <a href=\"https:\/\/hilfe.telekom-cloudcenter.de\/index.php\/nutzerverwaltung\/nutzer-anlegen\/\"><strong>Anlegen eines neuen Nutzers<\/strong><\/a> als auch bei der <a href=\"https:\/\/hilfe.telekom-cloudcenter.de\/index.php\/nutzerverwaltung\/nutzerdetails\/nutzer-bearbeiten\/\"><strong>Bearbeitung von Nutzern<\/strong><\/a> Produktprofile zuweisen. W\u00e4hlen Sie dazu bspw. beim Bearbeiten eines Nutzers die Schaltfl\u00e4che <strong>&#8220;Produktprofil zuweisen&#8221;<\/strong>.<\/p>\n<p>Anschlie\u00dfend k\u00f6nnen Sie in der Auswahlliste das gew\u00fcnschte Produktprofil ausw\u00e4hlen.<\/p>\n<p><strong>Hinweis:<\/strong> Bitte beachten Sie, dass die Zuweisung eines Produktprofils nur dann m\u00f6glich ist, wenn dem jeweiligen Nutzer noch <strong>keine<\/strong> Produkte zugewiesen sind.<\/p>\n","protected":false},"excerpt":{"rendered":"<p>Um ein neues Produktprofil anzulegen, w\u00e4hlen Sie den Men\u00fcpunkt &#8220;Produktprofile&#8221; unterhalb des Hauptmen\u00fcpunktes &#8220;Produkte&#8221; und anschlie\u00dfend die Schaltfl\u00e4che &#8220;Produktprofil anlegen&#8221;. Anschlie\u00dfend gelangen Sie in die Formularansicht zum Anlegen eines neuen Produktprofils. Im Formular w\u00e4hlen Sie die gew\u00fcnschten Produkte und Produktoptionen aus, die das Produktprofil enthalten soll und speichern Ihre Angaben durch Auswahl der Schaltfl\u00e4che &#8220;Speichern&#8221;&#8230;. <a href=\"https:\/\/hilfe.telekom-cloudcenter.de\/index.php\/produkte\/produktprofile\/produktprofil-anlegen\/\">read more &raquo;<\/a><\/p>\n","protected":false},"author":1,"featured_media":0,"parent":230,"menu_order":0,"comment_status":"closed","ping_status":"closed","template":"","meta":{"footnotes":""},"_links":{"self":[{"href":"https:\/\/hilfe.telekom-cloudcenter.de\/index.php\/wp-json\/wp\/v2\/pages\/605"}],"collection":[{"href":"https:\/\/hilfe.telekom-cloudcenter.de\/index.php\/wp-json\/wp\/v2\/pages"}],"about":[{"href":"https:\/\/hilfe.telekom-cloudcenter.de\/index.php\/wp-json\/wp\/v2\/types\/page"}],"author":[{"embeddable":true,"href":"https:\/\/hilfe.telekom-cloudcenter.de\/index.php\/wp-json\/wp\/v2\/users\/1"}],"replies":[{"embeddable":true,"href":"https:\/\/hilfe.telekom-cloudcenter.de\/index.php\/wp-json\/wp\/v2\/comments?post=605"}],"version-history":[{"count":2,"href":"https:\/\/hilfe.telekom-cloudcenter.de\/index.php\/wp-json\/wp\/v2\/pages\/605\/revisions"}],"predecessor-version":[{"id":615,"href":"https:\/\/hilfe.telekom-cloudcenter.de\/index.php\/wp-json\/wp\/v2\/pages\/605\/revisions\/615"}],"up":[{"embeddable":true,"href":"https:\/\/hilfe.telekom-cloudcenter.de\/index.php\/wp-json\/wp\/v2\/pages\/230"}],"wp:attachment":[{"href":"https:\/\/hilfe.telekom-cloudcenter.de\/index.php\/wp-json\/wp\/v2\/media?parent=605"}],"curies":[{"name":"wp","href":"https:\/\/api.w.org\/{rel}","templated":true}]}}