{"id":6233,"date":"2023-11-16T10:41:57","date_gmt":"2023-11-16T10:41:57","guid":{"rendered":"https:\/\/hilfe.telekom-cloudcenter.de\/?page_id=6233"},"modified":"2023-11-17T07:55:25","modified_gmt":"2023-11-17T07:55:25","slug":"e-mail-protect-pro-lizenz-bearbeiten","status":"publish","type":"page","link":"https:\/\/hilfe.telekom-cloudcenter.de\/index.php\/produkte\/e-mail-protect-pro\/e-mail-protect-pro-nutzer\/e-mail-protect-pro-lizenz-bearbeiten\/","title":{"rendered":"E-Mail Protect Pro Lizenz bearbeiten"},"content":{"rendered":"\n<p>Um die E-Mail Protect Pro Lizenzdaten eines Nutzers zu bearbeiten, w\u00e4hlen Sie das Stift-Symbol in der Detailansicht der Lizenzdaten. Anschlie\u00dfend k\u00f6nnen Sie im Bearbeitungsmodus folgende \u00c4nderungen vornehmen:<\/p>\n\n\n\n<ul>\n<li>Hinzuf\u00fcgen weiterer E-Mailadressen (Aliase)<\/li>\n\n\n\n<li>Entfernen von E-Mailadressen (Aliase)<\/li>\n\n\n\n<li>\u00c4ndern der prim\u00e4ren E-Mailadresse<\/li>\n\n\n\n<li>\u00c4ndern des Mail Host<\/li>\n\n\n\n<li>Aktivieren\/Deaktivieren von zus\u00e4tzlichen Produkt-Optionen<\/li>\n\n\n\n<li>Aktivieren\/Deaktivieren von zus\u00e4tzlichen Sicherheitsoptionen<\/li>\n<\/ul>\n\n\n\n<p>Bitte beachten Sie, dass das Aktivieren von zus\u00e4tzlichen Produkt- und (kostenpflichtigen) Sicherheitsoptionen nur dann m\u00f6glich ist, wenn Sie \u00fcber frei verf\u00fcgbare Lizenzen f\u00fcr die jeweilige Optionen verf\u00fcgen.<\/p>\n","protected":false},"excerpt":{"rendered":"<p>Um die E-Mail Protect Pro Lizenzdaten eines Nutzers zu bearbeiten, w\u00e4hlen Sie das Stift-Symbol in der Detailansicht der Lizenzdaten. Anschlie\u00dfend k\u00f6nnen Sie im Bearbeitungsmodus folgende \u00c4nderungen vornehmen: Bitte beachten Sie, dass das Aktivieren von zus\u00e4tzlichen Produkt- und (kostenpflichtigen) Sicherheitsoptionen nur dann m\u00f6glich ist, wenn Sie \u00fcber frei verf\u00fcgbare Lizenzen f\u00fcr die jeweilige Optionen verf\u00fcgen.<\/p>\n","protected":false},"author":1,"featured_media":0,"parent":6227,"menu_order":0,"comment_status":"closed","ping_status":"closed","template":"","meta":{"footnotes":""},"_links":{"self":[{"href":"https:\/\/hilfe.telekom-cloudcenter.de\/index.php\/wp-json\/wp\/v2\/pages\/6233"}],"collection":[{"href":"https:\/\/hilfe.telekom-cloudcenter.de\/index.php\/wp-json\/wp\/v2\/pages"}],"about":[{"href":"https:\/\/hilfe.telekom-cloudcenter.de\/index.php\/wp-json\/wp\/v2\/types\/page"}],"author":[{"embeddable":true,"href":"https:\/\/hilfe.telekom-cloudcenter.de\/index.php\/wp-json\/wp\/v2\/users\/1"}],"replies":[{"embeddable":true,"href":"https:\/\/hilfe.telekom-cloudcenter.de\/index.php\/wp-json\/wp\/v2\/comments?post=6233"}],"version-history":[{"count":5,"href":"https:\/\/hilfe.telekom-cloudcenter.de\/index.php\/wp-json\/wp\/v2\/pages\/6233\/revisions"}],"predecessor-version":[{"id":6265,"href":"https:\/\/hilfe.telekom-cloudcenter.de\/index.php\/wp-json\/wp\/v2\/pages\/6233\/revisions\/6265"}],"up":[{"embeddable":true,"href":"https:\/\/hilfe.telekom-cloudcenter.de\/index.php\/wp-json\/wp\/v2\/pages\/6227"}],"wp:attachment":[{"href":"https:\/\/hilfe.telekom-cloudcenter.de\/index.php\/wp-json\/wp\/v2\/media?parent=6233"}],"curies":[{"name":"wp","href":"https:\/\/api.w.org\/{rel}","templated":true}]}}