{"id":69,"date":"2016-10-20T12:36:16","date_gmt":"2016-10-20T12:36:16","guid":{"rendered":"https:\/\/hilfe.telekom-cloudcenter.de\/?page_id=69"},"modified":"2024-01-18T08:24:17","modified_gmt":"2024-01-18T08:24:17","slug":"domain-bearbeiten","status":"publish","type":"page","link":"https:\/\/hilfe.telekom-cloudcenter.de\/index.php\/domainverwaltung\/domain-bearbeiten\/","title":{"rendered":"Domaindaten bearbeiten"},"content":{"rendered":"\n<p>Um eine Domain zu bearbeiten, w\u00e4hlen Sie nach Auswahl der gew\u00fcnschten Domain im Bereich <strong>&#8220;Domaindaten&#8221;<\/strong> die Schaltfl\u00e4che <strong>&#8220;Bearbeiten&#8221;<\/strong> (Stift-Symbol).<\/p>\n\n\n\n<p>In diesem Dialog k\u00f6nnen Sie die Art der Produktnutzung bearbeiten. Ist die Option <strong>&#8220;Microsoft Exchange&#8221;<\/strong> aktiviert, kann die Domain in Abh\u00e4ngigkeit ihres Verifikationsstatus (<a href=\"https:\/\/hilfe.telekom-cloudcenter.de\/index.php\/domainverwaltung\/mx-verifizieren\/\" data-type=\"page\" data-id=\"89\">MX-Record verifiziert<\/a> \/ <a href=\"https:\/\/hilfe.telekom-cloudcenter.de\/index.php\/domainverwaltung\/mx-verifizieren\/\" data-type=\"page\" data-id=\"89\">verifiziert<\/a>) zum Senden und Empfangen von E-Mails verwendet werden. Ist die Option &#8220;<strong>E-Mail Protect Pro<\/strong>&#8221; aktiviert, k\u00f6nnen Sie den zugeordneten Mail Host \u00e4ndern oder weitere Mail Hosts hinzuf\u00fcgen. Durch Wahl der Schaltfl\u00e4che Speichern best\u00e4tigen Sie Ihre Eingaben. <\/p>\n\n\n\n<hr class=\"wp-block-separator has-alpha-channel-opacity\"\/>\n\n\n\n<p><strong>MX-Record \u00e4ndern<\/strong><\/p>\n\n\n\n<p>Bei einer neu registrierten oder einer \u00fcbernommenen (transferierten) Domain werden standardm\u00e4\u00dfig die MX-Records der Telekom-Plattform f\u00fcr diese Domain eingetragen.&nbsp;Beim Bearbeiten der Domaindaten&nbsp;k\u00f6nnen Sie diese MX-Records \u00e4ndern.<\/p>\n\n\n\n<p>In der Bearbeitungsansicht&nbsp;k\u00f6nnen Sie bis zu drei MX-Records f\u00fcr Ihre Domain hinterlegen. Dabei m\u00fcssen Sie f\u00fcr jeden MX-Record sowohl den Hostnamen als auch die Priorit\u00e4t angeben. Wenn Sie die MX-Records auf die Standardwerte zur\u00fccksetzen wollen, aktivieren Sie die Option &#8220;Standard&#8221;. Best\u00e4tigen Sie Ihre Eingaben durch Wahl der Schaltfl\u00e4che &#8220;Speichern&#8221;.<\/p>\n\n\n\n<p>Bitte beachten Sie, dass Sie die betreffende Domain nach dem \u00c4ndern der MX-Records nicht mehr f\u00fcr den E-Mail-Versand mit Microsoft\u00ae Exchange Mailboxen verwenden k\u00f6nnen, sofern Sie die betreffende Domain f\u00fcr E-Mail-Adressen dieser Mailboxen verwenden. Dies gilt nur dann, wenn Sie die Eintr\u00e4ge der standardm\u00e4\u00dfigen MX-Records \u00e4ndern. W\u00e4hlen Sie hingegen die Option zum Zur\u00fccksetzen der MX-Records auf die Standardwerte, ist Ihre Domain automatisch &#8220;MX-Record verifiziert&#8221; und kann f\u00fcr den Mailempfang verwendet werden.<\/p>\n","protected":false},"excerpt":{"rendered":"<p>Um eine Domain zu bearbeiten, w\u00e4hlen Sie nach Auswahl der gew\u00fcnschten Domain im Bereich &#8220;Domaindaten&#8221; die Schaltfl\u00e4che &#8220;Bearbeiten&#8221; (Stift-Symbol). In diesem Dialog k\u00f6nnen Sie die Art der Produktnutzung bearbeiten. Ist die Option &#8220;Microsoft Exchange&#8221; aktiviert, kann die Domain in Abh\u00e4ngigkeit ihres Verifikationsstatus (MX-Record verifiziert \/ verifiziert) zum Senden und Empfangen von E-Mails verwendet werden. Ist&#8230; <a href=\"https:\/\/hilfe.telekom-cloudcenter.de\/index.php\/domainverwaltung\/domain-bearbeiten\/\">read more &raquo;<\/a><\/p>\n","protected":false},"author":1,"featured_media":0,"parent":56,"menu_order":0,"comment_status":"closed","ping_status":"closed","template":"","meta":{"footnotes":""},"_links":{"self":[{"href":"https:\/\/hilfe.telekom-cloudcenter.de\/index.php\/wp-json\/wp\/v2\/pages\/69"}],"collection":[{"href":"https:\/\/hilfe.telekom-cloudcenter.de\/index.php\/wp-json\/wp\/v2\/pages"}],"about":[{"href":"https:\/\/hilfe.telekom-cloudcenter.de\/index.php\/wp-json\/wp\/v2\/types\/page"}],"author":[{"embeddable":true,"href":"https:\/\/hilfe.telekom-cloudcenter.de\/index.php\/wp-json\/wp\/v2\/users\/1"}],"replies":[{"embeddable":true,"href":"https:\/\/hilfe.telekom-cloudcenter.de\/index.php\/wp-json\/wp\/v2\/comments?post=69"}],"version-history":[{"count":13,"href":"https:\/\/hilfe.telekom-cloudcenter.de\/index.php\/wp-json\/wp\/v2\/pages\/69\/revisions"}],"predecessor-version":[{"id":6296,"href":"https:\/\/hilfe.telekom-cloudcenter.de\/index.php\/wp-json\/wp\/v2\/pages\/69\/revisions\/6296"}],"up":[{"embeddable":true,"href":"https:\/\/hilfe.telekom-cloudcenter.de\/index.php\/wp-json\/wp\/v2\/pages\/56"}],"wp:attachment":[{"href":"https:\/\/hilfe.telekom-cloudcenter.de\/index.php\/wp-json\/wp\/v2\/media?parent=69"}],"curies":[{"name":"wp","href":"https:\/\/api.w.org\/{rel}","templated":true}]}}