{"id":813,"date":"2016-12-01T11:36:24","date_gmt":"2016-12-01T11:36:24","guid":{"rendered":"https:\/\/hilfe.telekom-cloudcenter.de\/?page_id=813"},"modified":"2016-12-01T11:39:31","modified_gmt":"2016-12-01T11:39:31","slug":"blacklist","status":"publish","type":"page","link":"https:\/\/hilfe.telekom-cloudcenter.de\/index.php\/produkte\/microsoft-exchange\/benutzung-der-zusatzdienste\/quarantaneboxen-verwalten\/blacklist\/","title":{"rendered":"Blacklist"},"content":{"rendered":"<p><strong>Die Blacklist<\/strong><\/p>\n<p>Hier\u00fcber k\u00f6nnen einzelne E-Mail-Adressen oder ganze Dom\u00e4nen zur &#8220;Schwarzen Liste&#8221; (Adressen, von denen der User keine E-Mails empfangen m\u00f6chte) hinzugef\u00fcgt \/ gel\u00f6scht werden. Mails von einem Absender auf der schwarzen Liste werden immer als Junk\/SPAM Mails gekennzeichnet. Eintr\u00e4ge in der Wei\u00dfen Liste haben Vorrang vor Eintr\u00e4gen in der schwarzen Liste. Dom\u00e4nenweite Eintr\u00e4ge werden durch diese Einstellungen nicht beeinflusst.<\/p>\n<p><a href=\"https:\/\/hilfe.telekom-cloudcenter.de\/wp-content\/uploads\/2016\/12\/22.jpg\"><img decoding=\"async\" loading=\"lazy\" class=\"alignnone size-full wp-image-815\" src=\"https:\/\/hilfe.telekom-cloudcenter.de\/wp-content\/uploads\/2016\/12\/22.jpg\" alt=\"22\" width=\"633\" height=\"293\" srcset=\"https:\/\/hilfe.telekom-cloudcenter.de\/wp-content\/uploads\/2016\/12\/22.jpg 633w, https:\/\/hilfe.telekom-cloudcenter.de\/wp-content\/uploads\/2016\/12\/22-300x139.jpg 300w\" sizes=\"(max-width: 633px) 100vw, 633px\" \/><\/a><\/p>\n<p><strong><em>Neue Blacklist anlegen <\/em><\/strong><\/p>\n<p>Die Neuanlage von Blacklist Eintr\u00e4gen erfolgt \u00fcber diesen Button.<\/p>\n<p><strong><em>Filterkriterien <\/em><\/strong><\/p>\n<ul>\n<li>Von<\/li>\n<li>An<\/li>\n<\/ul>\n<p><strong><em>Von <\/em><\/strong><\/p>\n<p>E-Mail-Adresse oder Domain des Senders.<\/p>\n<p><strong><em>An <\/em><\/strong><\/p>\n<p>E-Mail-Adresse oder Domain des Empf\u00e4ngers.<\/p>\n<hr \/>\n<p><strong>Neue Blacklist anlegen<\/strong><\/p>\n<p><a href=\"https:\/\/hilfe.telekom-cloudcenter.de\/wp-content\/uploads\/2016\/12\/23.jpg\"><img decoding=\"async\" loading=\"lazy\" class=\"alignnone size-full wp-image-817\" src=\"https:\/\/hilfe.telekom-cloudcenter.de\/wp-content\/uploads\/2016\/12\/23.jpg\" alt=\"23\" width=\"564\" height=\"354\" srcset=\"https:\/\/hilfe.telekom-cloudcenter.de\/wp-content\/uploads\/2016\/12\/23.jpg 564w, https:\/\/hilfe.telekom-cloudcenter.de\/wp-content\/uploads\/2016\/12\/23-300x188.jpg 300w\" sizes=\"(max-width: 564px) 100vw, 564px\" \/><\/a><\/p>\n<p><strong><em>Von <\/em><\/strong><\/p>\n<p>E-Mail-Adresse (xxx@example.com) oder Domain (@example.com) des Senders. Eingabe von &#8220;@&#8221; f\u00fcr leere Absender-Adressen. Es k\u00f6nnen mehrere Adressen mit Trennzeichen (Komma oder Semikolon) eingegeben werden.<\/p>\n<p><strong><em>An <\/em><\/strong><\/p>\n<p>E-Mail-Adresse (xxx@localexample.com) oder Domain (@localexample.com) des Empf\u00e4ngers. Es k\u00f6nnen mehrere Adressen mit Trennzeichen (Komma oder Semikolon) eingegeben werden.<\/p>\n<hr \/>\n<p><strong>Blacklist bearbeiten<\/strong><\/p>\n<p>Eintrag kann nur angezeigt, aber nicht bearbeitet werden. Um einen Eintrag zu \u00e4ndern, muss dieser im Bereich Administration gel\u00f6scht und anschlie\u00dfend neu angelegt werden.<\/p>\n<p><a href=\"https:\/\/hilfe.telekom-cloudcenter.de\/wp-content\/uploads\/2016\/12\/24.jpg\"><img decoding=\"async\" loading=\"lazy\" class=\"alignnone size-full wp-image-819\" src=\"https:\/\/hilfe.telekom-cloudcenter.de\/wp-content\/uploads\/2016\/12\/24.jpg\" alt=\"24\" width=\"556\" height=\"462\" srcset=\"https:\/\/hilfe.telekom-cloudcenter.de\/wp-content\/uploads\/2016\/12\/24.jpg 556w, https:\/\/hilfe.telekom-cloudcenter.de\/wp-content\/uploads\/2016\/12\/24-300x249.jpg 300w\" sizes=\"(max-width: 556px) 100vw, 556px\" \/><\/a><\/p>\n","protected":false},"excerpt":{"rendered":"<p>Die Blacklist Hier\u00fcber k\u00f6nnen einzelne E-Mail-Adressen oder ganze Dom\u00e4nen zur &#8220;Schwarzen Liste&#8221; (Adressen, von denen der User keine E-Mails empfangen m\u00f6chte) hinzugef\u00fcgt \/ gel\u00f6scht werden. Mails von einem Absender auf der schwarzen Liste werden immer als Junk\/SPAM Mails gekennzeichnet. Eintr\u00e4ge in der Wei\u00dfen Liste haben Vorrang vor Eintr\u00e4gen in der schwarzen Liste. Dom\u00e4nenweite Eintr\u00e4ge werden&#8230; <a href=\"https:\/\/hilfe.telekom-cloudcenter.de\/index.php\/produkte\/microsoft-exchange\/benutzung-der-zusatzdienste\/quarantaneboxen-verwalten\/blacklist\/\">read more &raquo;<\/a><\/p>\n","protected":false},"author":1,"featured_media":0,"parent":725,"menu_order":0,"comment_status":"closed","ping_status":"closed","template":"","meta":{"footnotes":""},"_links":{"self":[{"href":"https:\/\/hilfe.telekom-cloudcenter.de\/index.php\/wp-json\/wp\/v2\/pages\/813"}],"collection":[{"href":"https:\/\/hilfe.telekom-cloudcenter.de\/index.php\/wp-json\/wp\/v2\/pages"}],"about":[{"href":"https:\/\/hilfe.telekom-cloudcenter.de\/index.php\/wp-json\/wp\/v2\/types\/page"}],"author":[{"embeddable":true,"href":"https:\/\/hilfe.telekom-cloudcenter.de\/index.php\/wp-json\/wp\/v2\/users\/1"}],"replies":[{"embeddable":true,"href":"https:\/\/hilfe.telekom-cloudcenter.de\/index.php\/wp-json\/wp\/v2\/comments?post=813"}],"version-history":[{"count":4,"href":"https:\/\/hilfe.telekom-cloudcenter.de\/index.php\/wp-json\/wp\/v2\/pages\/813\/revisions"}],"predecessor-version":[{"id":820,"href":"https:\/\/hilfe.telekom-cloudcenter.de\/index.php\/wp-json\/wp\/v2\/pages\/813\/revisions\/820"}],"up":[{"embeddable":true,"href":"https:\/\/hilfe.telekom-cloudcenter.de\/index.php\/wp-json\/wp\/v2\/pages\/725"}],"wp:attachment":[{"href":"https:\/\/hilfe.telekom-cloudcenter.de\/index.php\/wp-json\/wp\/v2\/media?parent=813"}],"curies":[{"name":"wp","href":"https:\/\/api.w.org\/{rel}","templated":true}]}}