{"id":844,"date":"2016-12-01T12:09:01","date_gmt":"2016-12-01T12:09:01","guid":{"rendered":"https:\/\/hilfe.telekom-cloudcenter.de\/?page_id=844"},"modified":"2016-12-01T12:14:38","modified_gmt":"2016-12-01T12:14:38","slug":"enforced-tls","status":"publish","type":"page","link":"https:\/\/hilfe.telekom-cloudcenter.de\/index.php\/produkte\/microsoft-exchange\/benutzung-der-zusatzdienste\/quarantaneboxen-verwalten\/enforced-tls\/","title":{"rendered":"Enforced TLS"},"content":{"rendered":"<p>Administratoren geben hier die Domain-Paare an, zwischen denen der Traffic mit TLS \u00fcbertragen werden soll. Die Verschl\u00fcsselung kann in beide Richtungen oder nur in eine Richtung erfolgen. Es k\u00f6nnen nur Domains angegeben werden.<\/p>\n<p><a href=\"https:\/\/hilfe.telekom-cloudcenter.de\/wp-content\/uploads\/2016\/12\/34.jpg\"><img decoding=\"async\" loading=\"lazy\" class=\"alignnone size-full wp-image-846\" src=\"https:\/\/hilfe.telekom-cloudcenter.de\/wp-content\/uploads\/2016\/12\/34.jpg\" alt=\"34\" width=\"634\" height=\"270\" srcset=\"https:\/\/hilfe.telekom-cloudcenter.de\/wp-content\/uploads\/2016\/12\/34.jpg 634w, https:\/\/hilfe.telekom-cloudcenter.de\/wp-content\/uploads\/2016\/12\/34-300x128.jpg 300w\" sizes=\"(max-width: 634px) 100vw, 634px\" \/><\/a><\/p>\n<p><strong><em>Neue Enforced TLS anlegen <\/em><\/strong><\/p>\n<p>Die Neuanlage von Enforced TLS Eintr\u00e4gen erfolgt \u00fcber diesen Button.<\/p>\n<p><strong><em>Filterkriterien <\/em><\/strong><\/p>\n<ul>\n<li>Domain<\/li>\n<\/ul>\n<p><strong><em>Absender Domain <\/em><\/strong><\/p>\n<p>Domain des Absenders.<\/p>\n<p><strong><em>Empf\u00e4nger Domain <\/em><\/strong><\/p>\n<p>Domain des Empf\u00e4ngers.<\/p>\n<hr \/>\n<p><strong>Neue Enforced TLS anlegen<\/strong><\/p>\n<p><a href=\"https:\/\/hilfe.telekom-cloudcenter.de\/wp-content\/uploads\/2016\/12\/35.jpg\"><img decoding=\"async\" loading=\"lazy\" class=\"alignnone size-full wp-image-848\" src=\"https:\/\/hilfe.telekom-cloudcenter.de\/wp-content\/uploads\/2016\/12\/35.jpg\" alt=\"35\" width=\"582\" height=\"417\" srcset=\"https:\/\/hilfe.telekom-cloudcenter.de\/wp-content\/uploads\/2016\/12\/35.jpg 582w, https:\/\/hilfe.telekom-cloudcenter.de\/wp-content\/uploads\/2016\/12\/35-300x215.jpg 300w\" sizes=\"(max-width: 582px) 100vw, 582px\" \/><\/a><\/p>\n<p><strong><em>Absender Domain <\/em><\/strong><\/p>\n<p>Domain (@example.com) des Absenders. &#8220;*&#8221; f\u00fcr alle Domains. Domains m\u00fcssen mit \u201c@\u201c beginnen.<\/p>\n<p>Es k\u00f6nnen mehrere Adressen mit Trennzeichen (Komma oder Semikolon) eingegeben werden.<\/p>\n<p><strong><em>Empf\u00e4nger Domain <\/em><\/strong><\/p>\n<p>Domain (@localexample.com) des Empf\u00e4ngers. &#8220;*&#8221; f\u00fcr alle Domains. Domains m\u00fcssen mit \u201c@\u201c beginnen. Es k\u00f6nnen mehrere Adressen mit Trennzeichen (Komma oder Semikolon) eingegeben werden.<\/p>\n<p><strong><em>Modus <\/em><\/strong><\/p>\n<ul>\n<li><strong><em>Optionen:<\/em><\/strong>\n<ul>\n<li><strong><em>Erzwungen:\u00a0<\/em><\/strong>TLS-Verbindung zwingend erfordert, andernfalls wird die Verbindung beendet.<\/li>\n<li><strong><em>Nicht erzwungen:\u00a0<\/em><\/strong>Klartextverbindung m\u00f6glich.<\/li>\n<\/ul>\n<\/li>\n<\/ul>\n<p><strong><em>Richtung <\/em><\/strong><\/p>\n<ul>\n<li><strong><em>Optionen:<\/em><\/strong>\n<ul>\n<li><strong><em>Einseitig:\u00a0<\/em><\/strong>Verschl\u00fcsselung erfolgt nur in eine Richtung (Absender \u2013 Empf\u00e4nger).<\/li>\n<li><strong><em>Beidseitig:\u00a0<\/em><\/strong>Verschl\u00fcsselung erfolgt in beide Richtungen (Absender \u2013 Empf\u00e4nger \/ Empf\u00e4nger &#8211; Absender).<\/li>\n<li><strong>Beispiele:<\/strong>\n<ul>\n<li>From: * &#8212;-&gt; TLS Enforced &#8212;&gt; To: *<\/li>\n<li>From: @xx.de &#8212;-&gt; TLS Not Enforced &#8212;&gt; To: @yy.net<\/li>\n<li>From: * &#8212;-&gt; TLS Enforced &#8212;&gt; To: @zz.de<\/li>\n<li>From: @aa.net &#8212;-&gt; TLS Not Enforced &#8212;&gt; To: *<\/li>\n<\/ul>\n<\/li>\n<\/ul>\n<\/li>\n<\/ul>\n<hr \/>\n<p><strong>Enforced TLS bearbeiten<\/strong><\/p>\n<p>Hier kann lediglich der Modus bearbeitet werden. Um einen Domaineintrag zu \u00e4ndern, muss dieser im Bereich Administration gel\u00f6scht und anschlie\u00dfend neu angelegt werden.<\/p>\n<p><a href=\"https:\/\/hilfe.telekom-cloudcenter.de\/wp-content\/uploads\/2016\/12\/36.jpg\"><img decoding=\"async\" loading=\"lazy\" class=\"alignnone size-full wp-image-849\" src=\"https:\/\/hilfe.telekom-cloudcenter.de\/wp-content\/uploads\/2016\/12\/36.jpg\" alt=\"36\" width=\"576\" height=\"530\" srcset=\"https:\/\/hilfe.telekom-cloudcenter.de\/wp-content\/uploads\/2016\/12\/36.jpg 576w, https:\/\/hilfe.telekom-cloudcenter.de\/wp-content\/uploads\/2016\/12\/36-300x276.jpg 300w\" sizes=\"(max-width: 576px) 100vw, 576px\" \/><\/a><\/p>\n","protected":false},"excerpt":{"rendered":"<p>Administratoren geben hier die Domain-Paare an, zwischen denen der Traffic mit TLS \u00fcbertragen werden soll. Die Verschl\u00fcsselung kann in beide Richtungen oder nur in eine Richtung erfolgen. Es k\u00f6nnen nur Domains angegeben werden. Neue Enforced TLS anlegen Die Neuanlage von Enforced TLS Eintr\u00e4gen erfolgt \u00fcber diesen Button. Filterkriterien Domain Absender Domain Domain des Absenders. Empf\u00e4nger&#8230; <a href=\"https:\/\/hilfe.telekom-cloudcenter.de\/index.php\/produkte\/microsoft-exchange\/benutzung-der-zusatzdienste\/quarantaneboxen-verwalten\/enforced-tls\/\">read more &raquo;<\/a><\/p>\n","protected":false},"author":1,"featured_media":0,"parent":725,"menu_order":0,"comment_status":"closed","ping_status":"closed","template":"","meta":{"footnotes":""},"_links":{"self":[{"href":"https:\/\/hilfe.telekom-cloudcenter.de\/index.php\/wp-json\/wp\/v2\/pages\/844"}],"collection":[{"href":"https:\/\/hilfe.telekom-cloudcenter.de\/index.php\/wp-json\/wp\/v2\/pages"}],"about":[{"href":"https:\/\/hilfe.telekom-cloudcenter.de\/index.php\/wp-json\/wp\/v2\/types\/page"}],"author":[{"embeddable":true,"href":"https:\/\/hilfe.telekom-cloudcenter.de\/index.php\/wp-json\/wp\/v2\/users\/1"}],"replies":[{"embeddable":true,"href":"https:\/\/hilfe.telekom-cloudcenter.de\/index.php\/wp-json\/wp\/v2\/comments?post=844"}],"version-history":[{"count":3,"href":"https:\/\/hilfe.telekom-cloudcenter.de\/index.php\/wp-json\/wp\/v2\/pages\/844\/revisions"}],"predecessor-version":[{"id":850,"href":"https:\/\/hilfe.telekom-cloudcenter.de\/index.php\/wp-json\/wp\/v2\/pages\/844\/revisions\/850"}],"up":[{"embeddable":true,"href":"https:\/\/hilfe.telekom-cloudcenter.de\/index.php\/wp-json\/wp\/v2\/pages\/725"}],"wp:attachment":[{"href":"https:\/\/hilfe.telekom-cloudcenter.de\/index.php\/wp-json\/wp\/v2\/media?parent=844"}],"curies":[{"name":"wp","href":"https:\/\/api.w.org\/{rel}","templated":true}]}}