{"id":870,"date":"2016-12-05T12:10:18","date_gmt":"2016-12-05T12:10:18","guid":{"rendered":"https:\/\/hilfe.telekom-cloudcenter.de\/?page_id=870"},"modified":"2017-02-07T09:13:32","modified_gmt":"2017-02-07T09:13:32","slug":"einbindung-mobiler-endgerate","status":"publish","type":"page","link":"https:\/\/hilfe.telekom-cloudcenter.de\/index.php\/produkte\/microsoft-exchange\/einbindung-mobiler-endgerate\/","title":{"rendered":"Einbindung mobiler Endger\u00e4te"},"content":{"rendered":"<p>F\u00fcr die Einbindung mobiler Endger\u00e4te stehen Ihnen verschiedene M\u00f6glichkeiten zur Verf\u00fcgung:<\/p>\n<ul>\n<li>automatische Einbindung<\/li>\n<li>manuelle Einbindung via POP3<\/li>\n<li>manuelle Einbindung via IMAP<\/li>\n<\/ul>\n<p>F\u00fcr die manuelle Einbindung Ihres Endger\u00e4tes (z.B. iPhone) nutzen Sie bitte die folgenden Verbindungsdaten:<\/p>\n<ul>\n<li>F\u00fcr POP3 verwenden Sie bitte folgende Daten:\n<ul>\n<li>POP3-Server: pops.telekom-cloudcenter.de\n<ul>\n<li>Port: 995<\/li>\n<li>Sicherheitstyp: SSL<\/li>\n<\/ul>\n<\/li>\n<li>SMTP-Server: smtps.telekom-cloudcenter.de\n<ul>\n<li>Port: 25<\/li>\n<li>Sicherheitstyp: TLS (client-abh\u00e4ngig auch STARTTLS)<\/li>\n<\/ul>\n<\/li>\n<\/ul>\n<\/li>\n<\/ul>\n<ul>\n<li>F\u00fcr IMAP verwenden Sie bitte folgende Daten\n<ul>\n<li>IMAP-Server: imaps.telekom-cloudcenter.de\n<ul>\n<li>Port: 993<\/li>\n<li>Sicherheitstyp: SSL<\/li>\n<\/ul>\n<\/li>\n<li>SMTP-Server: smtps.telekom-cloudcenter.de\n<ul>\n<li>Port: 25<\/li>\n<li>Sicherheitstyp: TLS (client-abh\u00e4ngig auch STARTTLS)<\/li>\n<\/ul>\n<\/li>\n<\/ul>\n<\/li>\n<\/ul>\n<p>Der Exchange Mailserver ist unter <strong><a href=\"https:\/\/email.telekom-cloudcenter.de\">https:\/\/email.telekom-cloudcenter.de<\/a><\/strong> erreichbar, wor\u00fcber Sie auch Zugang zur Outlook Web App erhalten.<\/p>\n<p>F\u00fcr die automatische Einrichtung Ihres mobilen Endger\u00e4ts stehen Ihnen folgende Hilfeseiten zur Verf\u00fcgung:<\/p>\n<ul>\n<li><a href=\"https:\/\/hilfe.telekom-cloudcenter.de\/index.php\/produkte\/microsoft-exchange\/einbindung-mobiler-endgerate\/einrichtung-eines-exchange-kontos-auf-dem-iphone\/\"><strong>Einrichtung eines Exchange Kontos auf dem iPhone<\/strong><\/a><\/li>\n<li><a href=\"https:\/\/hilfe.telekom-cloudcenter.de\/index.php\/produkte\/microsoft-exchange\/einbindung-mobiler-endgerate\/einrichtung-eines-exchange-kontos-mit-der-outlook-app-unter-android\/\"><strong>Einrichtung eines Exchange Kontos mit der Outlook App unter Android<\/strong><\/a><\/li>\n<li><a href=\"https:\/\/hilfe.telekom-cloudcenter.de\/index.php\/produkte\/microsoft-exchange\/einbindung-mobiler-endgerate\/einrichtung-eines-exchange-kontos-mit-der-gmail-app-unter-android\/\"><strong>Einrichtung eines Exchange Kontos mit der Gmail App unter Android<\/strong><\/a><\/li>\n<li><a href=\"https:\/\/hilfe.telekom-cloudcenter.de\/index.php\/produkte\/microsoft-exchange\/einbindung-mobiler-endgerate\/einrichtung-eines-exchange-kontos-mit-nokia-lumia-925\/\"><strong>Einrichtung eines Exchange-Kontos mit Nokia Lumia 925<\/strong> <\/a><\/li>\n<li><a href=\"https:\/\/hilfe.telekom-cloudcenter.de\/index.php\/produkte\/microsoft-exchange\/einbindung-mobiler-endgerate\/einrichtung-von-blackberry-os10-activesync\/\"><strong>Einrichtung von BlackBerry (OS10) ActiveSync<\/strong><\/a><\/li>\n<\/ul>\n","protected":false},"excerpt":{"rendered":"<p>F\u00fcr die Einbindung mobiler Endger\u00e4te stehen Ihnen verschiedene M\u00f6glichkeiten zur Verf\u00fcgung: automatische Einbindung manuelle Einbindung via POP3 manuelle Einbindung via IMAP F\u00fcr die manuelle Einbindung Ihres Endger\u00e4tes (z.B. iPhone) nutzen Sie bitte die folgenden Verbindungsdaten: F\u00fcr POP3 verwenden Sie bitte folgende Daten: POP3-Server: pops.telekom-cloudcenter.de Port: 995 Sicherheitstyp: SSL SMTP-Server: smtps.telekom-cloudcenter.de Port: 25 Sicherheitstyp: TLS (client-abh\u00e4ngig&#8230; <a href=\"https:\/\/hilfe.telekom-cloudcenter.de\/index.php\/produkte\/microsoft-exchange\/einbindung-mobiler-endgerate\/\">read more &raquo;<\/a><\/p>\n","protected":false},"author":1,"featured_media":0,"parent":256,"menu_order":0,"comment_status":"closed","ping_status":"closed","template":"","meta":{"footnotes":""},"_links":{"self":[{"href":"https:\/\/hilfe.telekom-cloudcenter.de\/index.php\/wp-json\/wp\/v2\/pages\/870"}],"collection":[{"href":"https:\/\/hilfe.telekom-cloudcenter.de\/index.php\/wp-json\/wp\/v2\/pages"}],"about":[{"href":"https:\/\/hilfe.telekom-cloudcenter.de\/index.php\/wp-json\/wp\/v2\/types\/page"}],"author":[{"embeddable":true,"href":"https:\/\/hilfe.telekom-cloudcenter.de\/index.php\/wp-json\/wp\/v2\/users\/1"}],"replies":[{"embeddable":true,"href":"https:\/\/hilfe.telekom-cloudcenter.de\/index.php\/wp-json\/wp\/v2\/comments?post=870"}],"version-history":[{"count":7,"href":"https:\/\/hilfe.telekom-cloudcenter.de\/index.php\/wp-json\/wp\/v2\/pages\/870\/revisions"}],"predecessor-version":[{"id":963,"href":"https:\/\/hilfe.telekom-cloudcenter.de\/index.php\/wp-json\/wp\/v2\/pages\/870\/revisions\/963"}],"up":[{"embeddable":true,"href":"https:\/\/hilfe.telekom-cloudcenter.de\/index.php\/wp-json\/wp\/v2\/pages\/256"}],"wp:attachment":[{"href":"https:\/\/hilfe.telekom-cloudcenter.de\/index.php\/wp-json\/wp\/v2\/media?parent=870"}],"curies":[{"name":"wp","href":"https:\/\/api.w.org\/{rel}","templated":true}]}}