{"id":893,"date":"2016-12-05T15:09:04","date_gmt":"2016-12-05T15:09:04","guid":{"rendered":"https:\/\/hilfe.telekom-cloudcenter.de\/?page_id=893"},"modified":"2016-12-05T15:36:59","modified_gmt":"2016-12-05T15:36:59","slug":"einrichtung-eines-exchange-kontos-mit-der-outlook-app-unter-android","status":"publish","type":"page","link":"https:\/\/hilfe.telekom-cloudcenter.de\/index.php\/produkte\/microsoft-exchange\/einbindung-mobiler-endgerate\/einrichtung-eines-exchange-kontos-mit-der-outlook-app-unter-android\/","title":{"rendered":"Einrichtung eines Exchange Kontos mit der Outlook App unter Android"},"content":{"rendered":"<p>F\u00fcr die Einbindung Ihres Exchange-Postfachs k\u00f6nnen Sie die Outlook-App f\u00fcr Android verwenden.<\/p>\n<p>\u00d6ffnen Sie die Outlook App und w\u00e4hlen Sie &#8220;Jetzt starten&#8221;.<\/p>\n<p><a href=\"https:\/\/hilfe.telekom-cloudcenter.de\/wp-content\/uploads\/2016\/12\/Screenshot_2016-12-05-15-09-57.png\"><img decoding=\"async\" loading=\"lazy\" class=\"alignnone wp-image-895\" src=\"https:\/\/hilfe.telekom-cloudcenter.de\/wp-content\/uploads\/2016\/12\/Screenshot_2016-12-05-15-09-57.png\" alt=\"screenshot_2016-12-05-15-09-57\" width=\"535\" height=\"950\" srcset=\"https:\/\/hilfe.telekom-cloudcenter.de\/wp-content\/uploads\/2016\/12\/Screenshot_2016-12-05-15-09-57.png 540w, https:\/\/hilfe.telekom-cloudcenter.de\/wp-content\/uploads\/2016\/12\/Screenshot_2016-12-05-15-09-57-169x300.png 169w, https:\/\/hilfe.telekom-cloudcenter.de\/wp-content\/uploads\/2016\/12\/Screenshot_2016-12-05-15-09-57-300x533.png 300w\" sizes=\"(max-width: 535px) 100vw, 535px\" \/><\/a><\/p>\n<p>Geben Sie anschlie\u00dfend Ihre E-Mail-Adresse ein.<\/p>\n<p><a href=\"https:\/\/hilfe.telekom-cloudcenter.de\/wp-content\/uploads\/2016\/12\/Screenshot_2016-12-05-15-11-47.png\"><img decoding=\"async\" loading=\"lazy\" class=\"alignnone wp-image-896\" src=\"https:\/\/hilfe.telekom-cloudcenter.de\/wp-content\/uploads\/2016\/12\/Screenshot_2016-12-05-15-11-47.png\" alt=\"screenshot_2016-12-05-15-11-47\" width=\"537\" height=\"688\" srcset=\"https:\/\/hilfe.telekom-cloudcenter.de\/wp-content\/uploads\/2016\/12\/Screenshot_2016-12-05-15-11-47.png 540w, https:\/\/hilfe.telekom-cloudcenter.de\/wp-content\/uploads\/2016\/12\/Screenshot_2016-12-05-15-11-47-234x300.png 234w, https:\/\/hilfe.telekom-cloudcenter.de\/wp-content\/uploads\/2016\/12\/Screenshot_2016-12-05-15-11-47-300x385.png 300w\" sizes=\"(max-width: 537px) 100vw, 537px\" \/><\/a><\/p>\n<p>W\u00e4hlen Sie &#8220;Weiter&#8221; nachdem Sie Ihre E-Mail-Adresse eingegeben haben.<\/p>\n<p><a href=\"https:\/\/hilfe.telekom-cloudcenter.de\/wp-content\/uploads\/2016\/12\/Screenshot_2016-12-05-15-12-15.png\"><img decoding=\"async\" loading=\"lazy\" class=\"alignnone wp-image-897\" src=\"https:\/\/hilfe.telekom-cloudcenter.de\/wp-content\/uploads\/2016\/12\/Screenshot_2016-12-05-15-12-15.png\" alt=\"screenshot_2016-12-05-15-12-15\" width=\"538\" height=\"517\" srcset=\"https:\/\/hilfe.telekom-cloudcenter.de\/wp-content\/uploads\/2016\/12\/Screenshot_2016-12-05-15-12-15.png 540w, https:\/\/hilfe.telekom-cloudcenter.de\/wp-content\/uploads\/2016\/12\/Screenshot_2016-12-05-15-12-15-300x288.png 300w\" sizes=\"(max-width: 538px) 100vw, 538px\" \/><\/a><\/p>\n<p>Anschlie\u00dfend wird eine Verbindung zu Ihrem Postfach aufgebaut.<\/p>\n<p>&nbsp;<\/p>\n<p><a href=\"https:\/\/hilfe.telekom-cloudcenter.de\/wp-content\/uploads\/2016\/12\/Screenshot_2016-12-05-15-12-27.png\"><img decoding=\"async\" loading=\"lazy\" class=\"alignnone wp-image-898\" src=\"https:\/\/hilfe.telekom-cloudcenter.de\/wp-content\/uploads\/2016\/12\/Screenshot_2016-12-05-15-12-27.png\" alt=\"screenshot_2016-12-05-15-12-27\" width=\"539\" height=\"522\" srcset=\"https:\/\/hilfe.telekom-cloudcenter.de\/wp-content\/uploads\/2016\/12\/Screenshot_2016-12-05-15-12-27.png 540w, https:\/\/hilfe.telekom-cloudcenter.de\/wp-content\/uploads\/2016\/12\/Screenshot_2016-12-05-15-12-27-300x290.png 300w\" sizes=\"(max-width: 539px) 100vw, 539px\" \/><\/a><\/p>\n<p>Geben Sie Ihr Kennwort ein.<\/p>\n<p><a href=\"https:\/\/hilfe.telekom-cloudcenter.de\/wp-content\/uploads\/2016\/12\/Screenshot_2016-12-05-15-12-40.png\"><img decoding=\"async\" loading=\"lazy\" class=\"alignnone size-full wp-image-900\" src=\"https:\/\/hilfe.telekom-cloudcenter.de\/wp-content\/uploads\/2016\/12\/Screenshot_2016-12-05-15-12-40.png\" alt=\"screenshot_2016-12-05-15-12-40\" width=\"540\" height=\"617\" srcset=\"https:\/\/hilfe.telekom-cloudcenter.de\/wp-content\/uploads\/2016\/12\/Screenshot_2016-12-05-15-12-40.png 540w, https:\/\/hilfe.telekom-cloudcenter.de\/wp-content\/uploads\/2016\/12\/Screenshot_2016-12-05-15-12-40-263x300.png 263w, https:\/\/hilfe.telekom-cloudcenter.de\/wp-content\/uploads\/2016\/12\/Screenshot_2016-12-05-15-12-40-300x343.png 300w\" sizes=\"(max-width: 540px) 100vw, 540px\" \/><\/a><\/p>\n<p>W\u00e4hlen Sie nachdem Sie Ihr Kennwort eingegeben haben den blauen Haken in der rechten oberen Ecke.<\/p>\n<p><a href=\"https:\/\/hilfe.telekom-cloudcenter.de\/wp-content\/uploads\/2016\/12\/Screenshot_2016-12-05-15-12-54.png\"><img decoding=\"async\" loading=\"lazy\" class=\"alignnone size-full wp-image-901\" src=\"https:\/\/hilfe.telekom-cloudcenter.de\/wp-content\/uploads\/2016\/12\/Screenshot_2016-12-05-15-12-54.png\" alt=\"screenshot_2016-12-05-15-12-54\" width=\"540\" height=\"611\" srcset=\"https:\/\/hilfe.telekom-cloudcenter.de\/wp-content\/uploads\/2016\/12\/Screenshot_2016-12-05-15-12-54.png 540w, https:\/\/hilfe.telekom-cloudcenter.de\/wp-content\/uploads\/2016\/12\/Screenshot_2016-12-05-15-12-54-265x300.png 265w, https:\/\/hilfe.telekom-cloudcenter.de\/wp-content\/uploads\/2016\/12\/Screenshot_2016-12-05-15-12-54-300x339.png 300w\" sizes=\"(max-width: 540px) 100vw, 540px\" \/><\/a><\/p>\n<p>Anschlie\u00dfend erfolgt die Anmeldung an Ihrem Postfach.<\/p>\n<p><a href=\"https:\/\/hilfe.telekom-cloudcenter.de\/wp-content\/uploads\/2016\/12\/Screenshot_2016-12-05-15-13-03.png\"><img decoding=\"async\" loading=\"lazy\" class=\"alignnone size-full wp-image-902\" src=\"https:\/\/hilfe.telekom-cloudcenter.de\/wp-content\/uploads\/2016\/12\/Screenshot_2016-12-05-15-13-03.png\" alt=\"screenshot_2016-12-05-15-13-03\" width=\"540\" height=\"960\" srcset=\"https:\/\/hilfe.telekom-cloudcenter.de\/wp-content\/uploads\/2016\/12\/Screenshot_2016-12-05-15-13-03.png 540w, https:\/\/hilfe.telekom-cloudcenter.de\/wp-content\/uploads\/2016\/12\/Screenshot_2016-12-05-15-13-03-169x300.png 169w, https:\/\/hilfe.telekom-cloudcenter.de\/wp-content\/uploads\/2016\/12\/Screenshot_2016-12-05-15-13-03-300x533.png 300w\" sizes=\"(max-width: 540px) 100vw, 540px\" \/><\/a><\/p>\n<p>&nbsp;<\/p>\n<p>Nach der Einrichtung k\u00f6nnen Sie ein weiteres Konto hinzuf\u00fcgen oder die Ansicht verlassen.<\/p>\n<p>&nbsp;<\/p>\n<p><a href=\"https:\/\/hilfe.telekom-cloudcenter.de\/wp-content\/uploads\/2016\/12\/Screenshot_2016-12-05-15-13-29.png\"><img decoding=\"async\" loading=\"lazy\" class=\"alignnone size-full wp-image-903\" src=\"https:\/\/hilfe.telekom-cloudcenter.de\/wp-content\/uploads\/2016\/12\/Screenshot_2016-12-05-15-13-29.png\" alt=\"screenshot_2016-12-05-15-13-29\" width=\"540\" height=\"960\" srcset=\"https:\/\/hilfe.telekom-cloudcenter.de\/wp-content\/uploads\/2016\/12\/Screenshot_2016-12-05-15-13-29.png 540w, https:\/\/hilfe.telekom-cloudcenter.de\/wp-content\/uploads\/2016\/12\/Screenshot_2016-12-05-15-13-29-169x300.png 169w, https:\/\/hilfe.telekom-cloudcenter.de\/wp-content\/uploads\/2016\/12\/Screenshot_2016-12-05-15-13-29-300x533.png 300w\" sizes=\"(max-width: 540px) 100vw, 540px\" \/><\/a><\/p>\n<p>Nachdem Sie &#8220;Vielleicht sp\u00e4ter&#8221; gew\u00e4hlt haben, wird Ihnen der Posteingang angezeigt.<\/p>\n<p>&nbsp;<\/p>\n<p><a href=\"https:\/\/hilfe.telekom-cloudcenter.de\/wp-content\/uploads\/2016\/12\/Screenshot_2016-12-05-15-13-46.png\"><img decoding=\"async\" loading=\"lazy\" class=\"alignnone size-full wp-image-904\" src=\"https:\/\/hilfe.telekom-cloudcenter.de\/wp-content\/uploads\/2016\/12\/Screenshot_2016-12-05-15-13-46.png\" alt=\"screenshot_2016-12-05-15-13-46\" width=\"540\" height=\"960\" srcset=\"https:\/\/hilfe.telekom-cloudcenter.de\/wp-content\/uploads\/2016\/12\/Screenshot_2016-12-05-15-13-46.png 540w, https:\/\/hilfe.telekom-cloudcenter.de\/wp-content\/uploads\/2016\/12\/Screenshot_2016-12-05-15-13-46-169x300.png 169w, https:\/\/hilfe.telekom-cloudcenter.de\/wp-content\/uploads\/2016\/12\/Screenshot_2016-12-05-15-13-46-300x533.png 300w\" sizes=\"(max-width: 540px) 100vw, 540px\" \/><\/a><\/p>\n","protected":false},"excerpt":{"rendered":"<p>F\u00fcr die Einbindung Ihres Exchange-Postfachs k\u00f6nnen Sie die Outlook-App f\u00fcr Android verwenden. \u00d6ffnen Sie die Outlook App und w\u00e4hlen Sie &#8220;Jetzt starten&#8221;. Geben Sie anschlie\u00dfend Ihre E-Mail-Adresse ein. W\u00e4hlen Sie &#8220;Weiter&#8221; nachdem Sie Ihre E-Mail-Adresse eingegeben haben. Anschlie\u00dfend wird eine Verbindung zu Ihrem Postfach aufgebaut. &nbsp; Geben Sie Ihr Kennwort ein. W\u00e4hlen Sie nachdem Sie&#8230; <a href=\"https:\/\/hilfe.telekom-cloudcenter.de\/index.php\/produkte\/microsoft-exchange\/einbindung-mobiler-endgerate\/einrichtung-eines-exchange-kontos-mit-der-outlook-app-unter-android\/\">read more &raquo;<\/a><\/p>\n","protected":false},"author":1,"featured_media":0,"parent":870,"menu_order":0,"comment_status":"closed","ping_status":"closed","template":"","meta":{"footnotes":""},"_links":{"self":[{"href":"https:\/\/hilfe.telekom-cloudcenter.de\/index.php\/wp-json\/wp\/v2\/pages\/893"}],"collection":[{"href":"https:\/\/hilfe.telekom-cloudcenter.de\/index.php\/wp-json\/wp\/v2\/pages"}],"about":[{"href":"https:\/\/hilfe.telekom-cloudcenter.de\/index.php\/wp-json\/wp\/v2\/types\/page"}],"author":[{"embeddable":true,"href":"https:\/\/hilfe.telekom-cloudcenter.de\/index.php\/wp-json\/wp\/v2\/users\/1"}],"replies":[{"embeddable":true,"href":"https:\/\/hilfe.telekom-cloudcenter.de\/index.php\/wp-json\/wp\/v2\/comments?post=893"}],"version-history":[{"count":3,"href":"https:\/\/hilfe.telekom-cloudcenter.de\/index.php\/wp-json\/wp\/v2\/pages\/893\/revisions"}],"predecessor-version":[{"id":905,"href":"https:\/\/hilfe.telekom-cloudcenter.de\/index.php\/wp-json\/wp\/v2\/pages\/893\/revisions\/905"}],"up":[{"embeddable":true,"href":"https:\/\/hilfe.telekom-cloudcenter.de\/index.php\/wp-json\/wp\/v2\/pages\/870"}],"wp:attachment":[{"href":"https:\/\/hilfe.telekom-cloudcenter.de\/index.php\/wp-json\/wp\/v2\/media?parent=893"}],"curies":[{"name":"wp","href":"https:\/\/api.w.org\/{rel}","templated":true}]}}