{"id":907,"date":"2016-12-05T15:36:00","date_gmt":"2016-12-05T15:36:00","guid":{"rendered":"https:\/\/hilfe.telekom-cloudcenter.de\/?page_id=907"},"modified":"2016-12-05T16:03:01","modified_gmt":"2016-12-05T16:03:01","slug":"einrichtung-eines-exchange-kontos-mit-der-gmail-app-unter-android","status":"publish","type":"page","link":"https:\/\/hilfe.telekom-cloudcenter.de\/index.php\/produkte\/microsoft-exchange\/einbindung-mobiler-endgerate\/einrichtung-eines-exchange-kontos-mit-der-gmail-app-unter-android\/","title":{"rendered":"Einrichtung eines Exchange Kontos mit der Gmail App unter Android"},"content":{"rendered":"<p>Zum Einrichten Ihres Exchange Postfachs mit der Gmail App unter Android \u00f6ffnen Sie zun\u00e4chst die App und w\u00e4hlen &#8220;Konto hinzuf\u00fcgen&#8221;. W\u00e4hlen Sie anschlie\u00dfend unter &#8220;E-Mail einrichten&#8221; den Eintrag &#8220;Exchange&#8221;.<\/p>\n<p><a href=\"https:\/\/hilfe.telekom-cloudcenter.de\/wp-content\/uploads\/2016\/12\/Screenshot_2016-12-05-15-33-15.png\"><img decoding=\"async\" loading=\"lazy\" class=\"alignnone wp-image-910\" src=\"https:\/\/hilfe.telekom-cloudcenter.de\/wp-content\/uploads\/2016\/12\/Screenshot_2016-12-05-15-33-15.png\" alt=\"screenshot_2016-12-05-15-33-15\" width=\"381\" height=\"677\" srcset=\"https:\/\/hilfe.telekom-cloudcenter.de\/wp-content\/uploads\/2016\/12\/Screenshot_2016-12-05-15-33-15.png 540w, https:\/\/hilfe.telekom-cloudcenter.de\/wp-content\/uploads\/2016\/12\/Screenshot_2016-12-05-15-33-15-169x300.png 169w, https:\/\/hilfe.telekom-cloudcenter.de\/wp-content\/uploads\/2016\/12\/Screenshot_2016-12-05-15-33-15-300x533.png 300w\" sizes=\"(max-width: 381px) 100vw, 381px\" \/><\/a><\/p>\n<p>Geben Sie Ihre E-Mail-Adresse ein und w\u00e4hlen Sie &#8220;Weiter&#8221;.<\/p>\n<p><a href=\"https:\/\/hilfe.telekom-cloudcenter.de\/wp-content\/uploads\/2016\/12\/Screenshot_2016-12-05-15-33-52.png\"><img decoding=\"async\" loading=\"lazy\" class=\"alignnone  wp-image-913\" src=\"https:\/\/hilfe.telekom-cloudcenter.de\/wp-content\/uploads\/2016\/12\/Screenshot_2016-12-05-15-33-52.png\" alt=\"screenshot_2016-12-05-15-33-52\" width=\"390\" height=\"693\" srcset=\"https:\/\/hilfe.telekom-cloudcenter.de\/wp-content\/uploads\/2016\/12\/Screenshot_2016-12-05-15-33-52.png 540w, https:\/\/hilfe.telekom-cloudcenter.de\/wp-content\/uploads\/2016\/12\/Screenshot_2016-12-05-15-33-52-169x300.png 169w, https:\/\/hilfe.telekom-cloudcenter.de\/wp-content\/uploads\/2016\/12\/Screenshot_2016-12-05-15-33-52-300x533.png 300w\" sizes=\"(max-width: 390px) 100vw, 390px\" \/><\/a><\/p>\n<p>Geben Sie nun Ihr Passwort ein und w\u00e4hlen Sie anschlie\u00dfend &#8220;Weiter&#8221;.<\/p>\n<p><a href=\"https:\/\/hilfe.telekom-cloudcenter.de\/wp-content\/uploads\/2016\/12\/Screenshot_2016-12-05-15-34-23.png\"><img decoding=\"async\" loading=\"lazy\" class=\"alignnone  wp-image-914\" src=\"https:\/\/hilfe.telekom-cloudcenter.de\/wp-content\/uploads\/2016\/12\/Screenshot_2016-12-05-15-34-23.png\" alt=\"screenshot_2016-12-05-15-34-23\" width=\"386\" height=\"686\" srcset=\"https:\/\/hilfe.telekom-cloudcenter.de\/wp-content\/uploads\/2016\/12\/Screenshot_2016-12-05-15-34-23.png 540w, https:\/\/hilfe.telekom-cloudcenter.de\/wp-content\/uploads\/2016\/12\/Screenshot_2016-12-05-15-34-23-169x300.png 169w, https:\/\/hilfe.telekom-cloudcenter.de\/wp-content\/uploads\/2016\/12\/Screenshot_2016-12-05-15-34-23-300x533.png 300w\" sizes=\"(max-width: 386px) 100vw, 386px\" \/><\/a><\/p>\n<p>Es wird nun versucht eine Verbindung zu Ihrem Postfach herzustellen.<\/p>\n<p><a href=\"https:\/\/hilfe.telekom-cloudcenter.de\/wp-content\/uploads\/2016\/12\/Screenshot_2016-12-05-15-34-30.png\"><img decoding=\"async\" loading=\"lazy\" class=\"alignnone  wp-image-915\" src=\"https:\/\/hilfe.telekom-cloudcenter.de\/wp-content\/uploads\/2016\/12\/Screenshot_2016-12-05-15-34-30.png\" alt=\"screenshot_2016-12-05-15-34-30\" width=\"387\" height=\"688\" srcset=\"https:\/\/hilfe.telekom-cloudcenter.de\/wp-content\/uploads\/2016\/12\/Screenshot_2016-12-05-15-34-30.png 540w, https:\/\/hilfe.telekom-cloudcenter.de\/wp-content\/uploads\/2016\/12\/Screenshot_2016-12-05-15-34-30-169x300.png 169w, https:\/\/hilfe.telekom-cloudcenter.de\/wp-content\/uploads\/2016\/12\/Screenshot_2016-12-05-15-34-30-300x533.png 300w\" sizes=\"(max-width: 387px) 100vw, 387px\" \/><\/a><\/p>\n<p>Best\u00e4tigen Sie die Anfrage mit &#8220;Ok&#8221;.<\/p>\n<p><a href=\"https:\/\/hilfe.telekom-cloudcenter.de\/wp-content\/uploads\/2016\/12\/Screenshot_2016-12-05-15-34-55.png\"><img decoding=\"async\" loading=\"lazy\" class=\"alignnone  wp-image-916\" src=\"https:\/\/hilfe.telekom-cloudcenter.de\/wp-content\/uploads\/2016\/12\/Screenshot_2016-12-05-15-34-55.png\" alt=\"screenshot_2016-12-05-15-34-55\" width=\"390\" height=\"693\" srcset=\"https:\/\/hilfe.telekom-cloudcenter.de\/wp-content\/uploads\/2016\/12\/Screenshot_2016-12-05-15-34-55.png 540w, https:\/\/hilfe.telekom-cloudcenter.de\/wp-content\/uploads\/2016\/12\/Screenshot_2016-12-05-15-34-55-169x300.png 169w, https:\/\/hilfe.telekom-cloudcenter.de\/wp-content\/uploads\/2016\/12\/Screenshot_2016-12-05-15-34-55-300x533.png 300w\" sizes=\"(max-width: 390px) 100vw, 390px\" \/><\/a><\/p>\n<p>Geben Sie nochmals Ihr Passwort ein, sofern Sie dazu aufgefordert werden. Die Einstellungen f\u00fcr &#8220;Server&#8221;, &#8220;Port&#8221; und &#8220;Sicherheitstyp&#8221; belassen Sie unver\u00e4ndert. W\u00e4hlen Sie anschlie\u00dfend &#8220;Weiter&#8221;.<\/p>\n<p>&nbsp;<\/p>\n<p><a href=\"https:\/\/hilfe.telekom-cloudcenter.de\/wp-content\/uploads\/2016\/12\/Screenshot_2016-12-05-15-35-21-1.png\"><img decoding=\"async\" loading=\"lazy\" class=\"alignnone  wp-image-924\" src=\"https:\/\/hilfe.telekom-cloudcenter.de\/wp-content\/uploads\/2016\/12\/Screenshot_2016-12-05-15-35-21-1.png\" alt=\"screenshot_2016-12-05-15-35-21\" width=\"389\" height=\"692\" srcset=\"https:\/\/hilfe.telekom-cloudcenter.de\/wp-content\/uploads\/2016\/12\/Screenshot_2016-12-05-15-35-21-1.png 540w, https:\/\/hilfe.telekom-cloudcenter.de\/wp-content\/uploads\/2016\/12\/Screenshot_2016-12-05-15-35-21-1-169x300.png 169w, https:\/\/hilfe.telekom-cloudcenter.de\/wp-content\/uploads\/2016\/12\/Screenshot_2016-12-05-15-35-21-1-300x533.png 300w\" sizes=\"(max-width: 389px) 100vw, 389px\" \/><\/a><\/p>\n<p>Best\u00e4tigen Sie die Meldung mit &#8220;Ok&#8221;.<\/p>\n<p><a href=\"https:\/\/hilfe.telekom-cloudcenter.de\/wp-content\/uploads\/2016\/12\/Screenshot_2016-12-05-15-35-39.png\"><img decoding=\"async\" loading=\"lazy\" class=\"alignnone  wp-image-918\" src=\"https:\/\/hilfe.telekom-cloudcenter.de\/wp-content\/uploads\/2016\/12\/Screenshot_2016-12-05-15-35-39.png\" alt=\"screenshot_2016-12-05-15-35-39\" width=\"392\" height=\"697\" srcset=\"https:\/\/hilfe.telekom-cloudcenter.de\/wp-content\/uploads\/2016\/12\/Screenshot_2016-12-05-15-35-39.png 540w, https:\/\/hilfe.telekom-cloudcenter.de\/wp-content\/uploads\/2016\/12\/Screenshot_2016-12-05-15-35-39-169x300.png 169w, https:\/\/hilfe.telekom-cloudcenter.de\/wp-content\/uploads\/2016\/12\/Screenshot_2016-12-05-15-35-39-300x533.png 300w\" sizes=\"(max-width: 392px) 100vw, 392px\" \/><br \/>\n<\/a><\/p>\n<p>Stellen Sie die gew\u00fcnschten Konto-Optionen ein. Wir empfehlen Ihnen, die Einstellungen unver\u00e4ndert zu lassen.<\/p>\n<p><a href=\"https:\/\/hilfe.telekom-cloudcenter.de\/wp-content\/uploads\/2016\/12\/Screenshot_2016-12-05-15-36-06.png\"><img decoding=\"async\" loading=\"lazy\" class=\"alignnone  wp-image-919\" src=\"https:\/\/hilfe.telekom-cloudcenter.de\/wp-content\/uploads\/2016\/12\/Screenshot_2016-12-05-15-36-06.png\" alt=\"screenshot_2016-12-05-15-36-06\" width=\"392\" height=\"697\" srcset=\"https:\/\/hilfe.telekom-cloudcenter.de\/wp-content\/uploads\/2016\/12\/Screenshot_2016-12-05-15-36-06.png 540w, https:\/\/hilfe.telekom-cloudcenter.de\/wp-content\/uploads\/2016\/12\/Screenshot_2016-12-05-15-36-06-169x300.png 169w, https:\/\/hilfe.telekom-cloudcenter.de\/wp-content\/uploads\/2016\/12\/Screenshot_2016-12-05-15-36-06-300x533.png 300w\" sizes=\"(max-width: 392px) 100vw, 392px\" \/><\/a><\/p>\n<p>Das Konto wird nun erstellt.<\/p>\n<p><a href=\"https:\/\/hilfe.telekom-cloudcenter.de\/wp-content\/uploads\/2016\/12\/Screenshot_2016-12-05-15-36-16.png\"><img decoding=\"async\" loading=\"lazy\" class=\"alignnone  wp-image-920\" src=\"https:\/\/hilfe.telekom-cloudcenter.de\/wp-content\/uploads\/2016\/12\/Screenshot_2016-12-05-15-36-16.png\" alt=\"screenshot_2016-12-05-15-36-16\" width=\"394\" height=\"701\" srcset=\"https:\/\/hilfe.telekom-cloudcenter.de\/wp-content\/uploads\/2016\/12\/Screenshot_2016-12-05-15-36-16.png 540w, https:\/\/hilfe.telekom-cloudcenter.de\/wp-content\/uploads\/2016\/12\/Screenshot_2016-12-05-15-36-16-169x300.png 169w, https:\/\/hilfe.telekom-cloudcenter.de\/wp-content\/uploads\/2016\/12\/Screenshot_2016-12-05-15-36-16-300x533.png 300w\" sizes=\"(max-width: 394px) 100vw, 394px\" \/><\/a><\/p>\n<p>Aktivieren Sie nun den Ger\u00e4teadministrator.<\/p>\n<p><a href=\"https:\/\/hilfe.telekom-cloudcenter.de\/wp-content\/uploads\/2016\/12\/Screenshot_2016-12-05-15-36-52.png\"><img decoding=\"async\" loading=\"lazy\" class=\"alignnone  wp-image-921\" src=\"https:\/\/hilfe.telekom-cloudcenter.de\/wp-content\/uploads\/2016\/12\/Screenshot_2016-12-05-15-36-52.png\" alt=\"screenshot_2016-12-05-15-36-52\" width=\"393\" height=\"699\" srcset=\"https:\/\/hilfe.telekom-cloudcenter.de\/wp-content\/uploads\/2016\/12\/Screenshot_2016-12-05-15-36-52.png 540w, https:\/\/hilfe.telekom-cloudcenter.de\/wp-content\/uploads\/2016\/12\/Screenshot_2016-12-05-15-36-52-169x300.png 169w, https:\/\/hilfe.telekom-cloudcenter.de\/wp-content\/uploads\/2016\/12\/Screenshot_2016-12-05-15-36-52-300x533.png 300w\" sizes=\"(max-width: 393px) 100vw, 393px\" \/><\/a><\/p>\n<p>Sie k\u00f6nnen optional einen Kontonamen vergeben. W\u00e4hlen Sie anschlie\u00dfend &#8220;Weiter&#8221;.<\/p>\n<p><a href=\"https:\/\/hilfe.telekom-cloudcenter.de\/wp-content\/uploads\/2016\/12\/Screenshot_2016-12-05-15-37-00.png\"><img decoding=\"async\" loading=\"lazy\" class=\"alignnone  wp-image-922\" src=\"https:\/\/hilfe.telekom-cloudcenter.de\/wp-content\/uploads\/2016\/12\/Screenshot_2016-12-05-15-37-00.png\" alt=\"screenshot_2016-12-05-15-37-00\" width=\"406\" height=\"722\" srcset=\"https:\/\/hilfe.telekom-cloudcenter.de\/wp-content\/uploads\/2016\/12\/Screenshot_2016-12-05-15-37-00.png 540w, https:\/\/hilfe.telekom-cloudcenter.de\/wp-content\/uploads\/2016\/12\/Screenshot_2016-12-05-15-37-00-169x300.png 169w, https:\/\/hilfe.telekom-cloudcenter.de\/wp-content\/uploads\/2016\/12\/Screenshot_2016-12-05-15-37-00-300x533.png 300w\" sizes=\"(max-width: 406px) 100vw, 406px\" \/><\/a><\/p>\n<p>Das Konto ist nun eingerichtet.<\/p>\n<p><a href=\"https:\/\/hilfe.telekom-cloudcenter.de\/wp-content\/uploads\/2016\/12\/Screenshot_2016-12-05-15-37-14.png\"><img decoding=\"async\" loading=\"lazy\" class=\"alignnone  wp-image-923\" src=\"https:\/\/hilfe.telekom-cloudcenter.de\/wp-content\/uploads\/2016\/12\/Screenshot_2016-12-05-15-37-14.png\" alt=\"screenshot_2016-12-05-15-37-14\" width=\"409\" height=\"727\" srcset=\"https:\/\/hilfe.telekom-cloudcenter.de\/wp-content\/uploads\/2016\/12\/Screenshot_2016-12-05-15-37-14.png 540w, https:\/\/hilfe.telekom-cloudcenter.de\/wp-content\/uploads\/2016\/12\/Screenshot_2016-12-05-15-37-14-169x300.png 169w, https:\/\/hilfe.telekom-cloudcenter.de\/wp-content\/uploads\/2016\/12\/Screenshot_2016-12-05-15-37-14-300x533.png 300w\" sizes=\"(max-width: 409px) 100vw, 409px\" \/><\/a><\/p>\n","protected":false},"excerpt":{"rendered":"<p>Zum Einrichten Ihres Exchange Postfachs mit der Gmail App unter Android \u00f6ffnen Sie zun\u00e4chst die App und w\u00e4hlen &#8220;Konto hinzuf\u00fcgen&#8221;. W\u00e4hlen Sie anschlie\u00dfend unter &#8220;E-Mail einrichten&#8221; den Eintrag &#8220;Exchange&#8221;. Geben Sie Ihre E-Mail-Adresse ein und w\u00e4hlen Sie &#8220;Weiter&#8221;. Geben Sie nun Ihr Passwort ein und w\u00e4hlen Sie anschlie\u00dfend &#8220;Weiter&#8221;. Es wird nun versucht eine Verbindung&#8230; <a href=\"https:\/\/hilfe.telekom-cloudcenter.de\/index.php\/produkte\/microsoft-exchange\/einbindung-mobiler-endgerate\/einrichtung-eines-exchange-kontos-mit-der-gmail-app-unter-android\/\">read more &raquo;<\/a><\/p>\n","protected":false},"author":1,"featured_media":0,"parent":870,"menu_order":0,"comment_status":"closed","ping_status":"closed","template":"","meta":{"footnotes":""},"_links":{"self":[{"href":"https:\/\/hilfe.telekom-cloudcenter.de\/index.php\/wp-json\/wp\/v2\/pages\/907"}],"collection":[{"href":"https:\/\/hilfe.telekom-cloudcenter.de\/index.php\/wp-json\/wp\/v2\/pages"}],"about":[{"href":"https:\/\/hilfe.telekom-cloudcenter.de\/index.php\/wp-json\/wp\/v2\/types\/page"}],"author":[{"embeddable":true,"href":"https:\/\/hilfe.telekom-cloudcenter.de\/index.php\/wp-json\/wp\/v2\/users\/1"}],"replies":[{"embeddable":true,"href":"https:\/\/hilfe.telekom-cloudcenter.de\/index.php\/wp-json\/wp\/v2\/comments?post=907"}],"version-history":[{"count":4,"href":"https:\/\/hilfe.telekom-cloudcenter.de\/index.php\/wp-json\/wp\/v2\/pages\/907\/revisions"}],"predecessor-version":[{"id":926,"href":"https:\/\/hilfe.telekom-cloudcenter.de\/index.php\/wp-json\/wp\/v2\/pages\/907\/revisions\/926"}],"up":[{"embeddable":true,"href":"https:\/\/hilfe.telekom-cloudcenter.de\/index.php\/wp-json\/wp\/v2\/pages\/870"}],"wp:attachment":[{"href":"https:\/\/hilfe.telekom-cloudcenter.de\/index.php\/wp-json\/wp\/v2\/media?parent=907"}],"curies":[{"name":"wp","href":"https:\/\/api.w.org\/{rel}","templated":true}]}}