{"id":942,"date":"2016-12-12T11:02:36","date_gmt":"2016-12-12T11:02:36","guid":{"rendered":"https:\/\/hilfe.telekom-cloudcenter.de\/?page_id=942"},"modified":"2016-12-12T11:15:28","modified_gmt":"2016-12-12T11:15:28","slug":"einrichtung-eines-exchange-kontos-mit-nokia-lumia-925","status":"publish","type":"page","link":"https:\/\/hilfe.telekom-cloudcenter.de\/index.php\/produkte\/microsoft-exchange\/einbindung-mobiler-endgerate\/einrichtung-eines-exchange-kontos-mit-nokia-lumia-925\/","title":{"rendered":"Einrichtung eines Exchange-Kontos mit Nokia Lumia 925"},"content":{"rendered":"<p>Um ein Exchange-Postfach mit dem Nokia Lumia 925 einzurichten, gehen Sie bitte wie folgt vor:<\/p>\n<p>Rufen Sie bitte das Men\u00fc \u201ealle Einstellungen\u201c auf dem Smart Phone auf (Alternativ \u201eEinstellungen\u201c \u2013 \u201eSystem\u201c).<\/p>\n<p><a href=\"https:\/\/hilfe.telekom-cloudcenter.de\/wp-content\/uploads\/2016\/12\/wp_ss_20161212_0001.png\"><img decoding=\"async\" loading=\"lazy\" class=\"alignnone  wp-image-945\" src=\"https:\/\/hilfe.telekom-cloudcenter.de\/wp-content\/uploads\/2016\/12\/wp_ss_20161212_0001.png\" alt=\"wp_ss_20161212_0001\" width=\"499\" height=\"832\" srcset=\"https:\/\/hilfe.telekom-cloudcenter.de\/wp-content\/uploads\/2016\/12\/wp_ss_20161212_0001.png 768w, https:\/\/hilfe.telekom-cloudcenter.de\/wp-content\/uploads\/2016\/12\/wp_ss_20161212_0001-180x300.png 180w, https:\/\/hilfe.telekom-cloudcenter.de\/wp-content\/uploads\/2016\/12\/wp_ss_20161212_0001-614x1024.png 614w, https:\/\/hilfe.telekom-cloudcenter.de\/wp-content\/uploads\/2016\/12\/wp_ss_20161212_0001-300x500.png 300w\" sizes=\"(max-width: 499px) 100vw, 499px\" \/><\/a><\/p>\n<p>\u00d6ffnen Sie \u201eE-Mail-Konten + andere\u201c<\/p>\n<p><a href=\"https:\/\/hilfe.telekom-cloudcenter.de\/wp-content\/uploads\/2016\/12\/wp_ss_20161212_0002.png\"><img decoding=\"async\" loading=\"lazy\" class=\"alignnone  wp-image-946\" src=\"https:\/\/hilfe.telekom-cloudcenter.de\/wp-content\/uploads\/2016\/12\/wp_ss_20161212_0002.png\" alt=\"wp_ss_20161212_0002\" width=\"498\" height=\"830\" srcset=\"https:\/\/hilfe.telekom-cloudcenter.de\/wp-content\/uploads\/2016\/12\/wp_ss_20161212_0002.png 768w, https:\/\/hilfe.telekom-cloudcenter.de\/wp-content\/uploads\/2016\/12\/wp_ss_20161212_0002-180x300.png 180w, https:\/\/hilfe.telekom-cloudcenter.de\/wp-content\/uploads\/2016\/12\/wp_ss_20161212_0002-614x1024.png 614w, https:\/\/hilfe.telekom-cloudcenter.de\/wp-content\/uploads\/2016\/12\/wp_ss_20161212_0002-300x500.png 300w\" sizes=\"(max-width: 498px) 100vw, 498px\" \/><\/a><\/p>\n<p>W\u00e4hlen Sie &#8220;Konto hinzuf\u00fcgen&#8221;.<\/p>\n<p><a href=\"https:\/\/hilfe.telekom-cloudcenter.de\/wp-content\/uploads\/2016\/12\/wp_ss_20161212_0003.png\"><img decoding=\"async\" loading=\"lazy\" class=\"alignnone  wp-image-947\" src=\"https:\/\/hilfe.telekom-cloudcenter.de\/wp-content\/uploads\/2016\/12\/wp_ss_20161212_0003.png\" alt=\"wp_ss_20161212_0003\" width=\"498\" height=\"830\" srcset=\"https:\/\/hilfe.telekom-cloudcenter.de\/wp-content\/uploads\/2016\/12\/wp_ss_20161212_0003.png 768w, https:\/\/hilfe.telekom-cloudcenter.de\/wp-content\/uploads\/2016\/12\/wp_ss_20161212_0003-180x300.png 180w, https:\/\/hilfe.telekom-cloudcenter.de\/wp-content\/uploads\/2016\/12\/wp_ss_20161212_0003-614x1024.png 614w, https:\/\/hilfe.telekom-cloudcenter.de\/wp-content\/uploads\/2016\/12\/wp_ss_20161212_0003-300x500.png 300w\" sizes=\"(max-width: 498px) 100vw, 498px\" \/><\/a><\/p>\n<p>W\u00e4hlen Sie anschlie\u00dfend &#8220;Exchange&#8221;.<\/p>\n<p><a href=\"https:\/\/hilfe.telekom-cloudcenter.de\/wp-content\/uploads\/2016\/12\/wp_ss_20161212_0004.png\"><img decoding=\"async\" loading=\"lazy\" class=\"alignnone  wp-image-948\" src=\"https:\/\/hilfe.telekom-cloudcenter.de\/wp-content\/uploads\/2016\/12\/wp_ss_20161212_0004.png\" alt=\"wp_ss_20161212_0004\" width=\"496\" height=\"827\" srcset=\"https:\/\/hilfe.telekom-cloudcenter.de\/wp-content\/uploads\/2016\/12\/wp_ss_20161212_0004.png 768w, https:\/\/hilfe.telekom-cloudcenter.de\/wp-content\/uploads\/2016\/12\/wp_ss_20161212_0004-180x300.png 180w, https:\/\/hilfe.telekom-cloudcenter.de\/wp-content\/uploads\/2016\/12\/wp_ss_20161212_0004-614x1024.png 614w, https:\/\/hilfe.telekom-cloudcenter.de\/wp-content\/uploads\/2016\/12\/wp_ss_20161212_0004-300x500.png 300w\" sizes=\"(max-width: 496px) 100vw, 496px\" \/><\/a><\/p>\n<p>Geben Sie anschlie\u00dfend Ihre E-Mailadresse und das Kennwort f\u00fcr Ihr Konto ein. W\u00e4hlen Sie zum Fortfahren &#8220;Anmelden&#8221;.<\/p>\n<p><a href=\"https:\/\/hilfe.telekom-cloudcenter.de\/wp-content\/uploads\/2016\/12\/wp_ss_20161212_0006.png\"><img decoding=\"async\" loading=\"lazy\" class=\"alignnone  wp-image-949\" src=\"https:\/\/hilfe.telekom-cloudcenter.de\/wp-content\/uploads\/2016\/12\/wp_ss_20161212_0006.png\" alt=\"wp_ss_20161212_0006\" width=\"493\" height=\"822\" srcset=\"https:\/\/hilfe.telekom-cloudcenter.de\/wp-content\/uploads\/2016\/12\/wp_ss_20161212_0006.png 768w, https:\/\/hilfe.telekom-cloudcenter.de\/wp-content\/uploads\/2016\/12\/wp_ss_20161212_0006-180x300.png 180w, https:\/\/hilfe.telekom-cloudcenter.de\/wp-content\/uploads\/2016\/12\/wp_ss_20161212_0006-614x1024.png 614w, https:\/\/hilfe.telekom-cloudcenter.de\/wp-content\/uploads\/2016\/12\/wp_ss_20161212_0006-300x500.png 300w\" sizes=\"(max-width: 493px) 100vw, 493px\" \/><\/a><\/p>\n<p>Anschlie\u00dfend werden Ihre Einstellungen gesucht&#8230;<\/p>\n<p><a href=\"https:\/\/hilfe.telekom-cloudcenter.de\/wp-content\/uploads\/2016\/12\/wp_ss_20161212_0007.png\"><img decoding=\"async\" loading=\"lazy\" class=\"alignnone  wp-image-950\" src=\"https:\/\/hilfe.telekom-cloudcenter.de\/wp-content\/uploads\/2016\/12\/wp_ss_20161212_0007.png\" alt=\"wp_ss_20161212_0007\" width=\"495\" height=\"825\" srcset=\"https:\/\/hilfe.telekom-cloudcenter.de\/wp-content\/uploads\/2016\/12\/wp_ss_20161212_0007.png 768w, https:\/\/hilfe.telekom-cloudcenter.de\/wp-content\/uploads\/2016\/12\/wp_ss_20161212_0007-180x300.png 180w, https:\/\/hilfe.telekom-cloudcenter.de\/wp-content\/uploads\/2016\/12\/wp_ss_20161212_0007-614x1024.png 614w, https:\/\/hilfe.telekom-cloudcenter.de\/wp-content\/uploads\/2016\/12\/wp_ss_20161212_0007-300x500.png 300w\" sizes=\"(max-width: 495px) 100vw, 495px\" \/><\/a><\/p>\n<p>Wurde das Konto gefunden, w\u00e4hlen Sie &#8220;Fertig&#8221;. Ihr Postfach ist nun erfolgreich eingerichtet.<\/p>\n<p><a href=\"https:\/\/hilfe.telekom-cloudcenter.de\/wp-content\/uploads\/2016\/12\/wp_ss_20161212_0009.png\"><img decoding=\"async\" loading=\"lazy\" class=\"alignnone  wp-image-951\" src=\"https:\/\/hilfe.telekom-cloudcenter.de\/wp-content\/uploads\/2016\/12\/wp_ss_20161212_0009.png\" alt=\"wp_ss_20161212_0009\" width=\"494\" height=\"824\" srcset=\"https:\/\/hilfe.telekom-cloudcenter.de\/wp-content\/uploads\/2016\/12\/wp_ss_20161212_0009.png 768w, https:\/\/hilfe.telekom-cloudcenter.de\/wp-content\/uploads\/2016\/12\/wp_ss_20161212_0009-180x300.png 180w, https:\/\/hilfe.telekom-cloudcenter.de\/wp-content\/uploads\/2016\/12\/wp_ss_20161212_0009-614x1024.png 614w, https:\/\/hilfe.telekom-cloudcenter.de\/wp-content\/uploads\/2016\/12\/wp_ss_20161212_0009-300x500.png 300w\" sizes=\"(max-width: 494px) 100vw, 494px\" \/><\/a><\/p>\n<p>Weitere, optionale Einstellungen k\u00f6nnen Sie anschlie\u00dfend \u00fcber &#8220;Einstellungen&#8221; vornehmen. W\u00e4hlen Sie das das eingerichtete Postfach aus und nehmen Sie die gew\u00fcnschten Einstellungen vor.<\/p>\n<p><a href=\"https:\/\/hilfe.telekom-cloudcenter.de\/wp-content\/uploads\/2016\/12\/wp_ss_20161212_0010.png\"><img decoding=\"async\" loading=\"lazy\" class=\"alignnone  wp-image-952\" src=\"https:\/\/hilfe.telekom-cloudcenter.de\/wp-content\/uploads\/2016\/12\/wp_ss_20161212_0010.png\" alt=\"wp_ss_20161212_0010\" width=\"497\" height=\"829\" srcset=\"https:\/\/hilfe.telekom-cloudcenter.de\/wp-content\/uploads\/2016\/12\/wp_ss_20161212_0010.png 768w, https:\/\/hilfe.telekom-cloudcenter.de\/wp-content\/uploads\/2016\/12\/wp_ss_20161212_0010-180x300.png 180w, https:\/\/hilfe.telekom-cloudcenter.de\/wp-content\/uploads\/2016\/12\/wp_ss_20161212_0010-614x1024.png 614w, https:\/\/hilfe.telekom-cloudcenter.de\/wp-content\/uploads\/2016\/12\/wp_ss_20161212_0010-300x500.png 300w\" sizes=\"(max-width: 497px) 100vw, 497px\" \/><\/a><\/p>\n","protected":false},"excerpt":{"rendered":"<p>Um ein Exchange-Postfach mit dem Nokia Lumia 925 einzurichten, gehen Sie bitte wie folgt vor: Rufen Sie bitte das Men\u00fc \u201ealle Einstellungen\u201c auf dem Smart Phone auf (Alternativ \u201eEinstellungen\u201c \u2013 \u201eSystem\u201c). \u00d6ffnen Sie \u201eE-Mail-Konten + andere\u201c W\u00e4hlen Sie &#8220;Konto hinzuf\u00fcgen&#8221;. W\u00e4hlen Sie anschlie\u00dfend &#8220;Exchange&#8221;. Geben Sie anschlie\u00dfend Ihre E-Mailadresse und das Kennwort f\u00fcr Ihr Konto&#8230; <a href=\"https:\/\/hilfe.telekom-cloudcenter.de\/index.php\/produkte\/microsoft-exchange\/einbindung-mobiler-endgerate\/einrichtung-eines-exchange-kontos-mit-nokia-lumia-925\/\">read more &raquo;<\/a><\/p>\n","protected":false},"author":1,"featured_media":0,"parent":870,"menu_order":0,"comment_status":"closed","ping_status":"closed","template":"","meta":{"footnotes":""},"_links":{"self":[{"href":"https:\/\/hilfe.telekom-cloudcenter.de\/index.php\/wp-json\/wp\/v2\/pages\/942"}],"collection":[{"href":"https:\/\/hilfe.telekom-cloudcenter.de\/index.php\/wp-json\/wp\/v2\/pages"}],"about":[{"href":"https:\/\/hilfe.telekom-cloudcenter.de\/index.php\/wp-json\/wp\/v2\/types\/page"}],"author":[{"embeddable":true,"href":"https:\/\/hilfe.telekom-cloudcenter.de\/index.php\/wp-json\/wp\/v2\/users\/1"}],"replies":[{"embeddable":true,"href":"https:\/\/hilfe.telekom-cloudcenter.de\/index.php\/wp-json\/wp\/v2\/comments?post=942"}],"version-history":[{"count":3,"href":"https:\/\/hilfe.telekom-cloudcenter.de\/index.php\/wp-json\/wp\/v2\/pages\/942\/revisions"}],"predecessor-version":[{"id":953,"href":"https:\/\/hilfe.telekom-cloudcenter.de\/index.php\/wp-json\/wp\/v2\/pages\/942\/revisions\/953"}],"up":[{"embeddable":true,"href":"https:\/\/hilfe.telekom-cloudcenter.de\/index.php\/wp-json\/wp\/v2\/pages\/870"}],"wp:attachment":[{"href":"https:\/\/hilfe.telekom-cloudcenter.de\/index.php\/wp-json\/wp\/v2\/media?parent=942"}],"curies":[{"name":"wp","href":"https:\/\/api.w.org\/{rel}","templated":true}]}}